--
-- Host: localhost    Database: servicedemoweb_bfomi
-- ------------------------------------------------------


--
-- Table structure for table `books`
--

CREATE TABLE `books` (
  `id` bigint(20) unsigned NOT NULL AUTO_INCREMENT,
  `title` varchar(255) DEFAULT NULL,
  `pdf_path` varchar(255) DEFAULT NULL,
  `price` decimal(8,2) NOT NULL DEFAULT 0.00,
  `description` text DEFAULT NULL,
  `created_at` timestamp NULL DEFAULT NULL,
  `updated_at` timestamp NULL DEFAULT NULL,
  PRIMARY KEY (`id`)
) ENGINE=InnoDB DEFAULT CHARSET=utf8mb4 COLLATE=utf8mb4_unicode_ci;

--
-- Dumping data for table `books`
--


--
-- Table structure for table `categories`
--

CREATE TABLE `categories` (
  `id` bigint(20) unsigned NOT NULL AUTO_INCREMENT,
  `slug` varchar(255) DEFAULT NULL,
  `name` varchar(255) DEFAULT NULL,
  `deleted_at` timestamp NULL DEFAULT NULL,
  `created_at` timestamp NULL DEFAULT NULL,
  `updated_at` timestamp NULL DEFAULT NULL,
  PRIMARY KEY (`id`)
) ENGINE=InnoDB AUTO_INCREMENT=6 DEFAULT CHARSET=utf8mb4 COLLATE=utf8mb4_unicode_ci;

--
-- Dumping data for table `categories`
--

INSERT INTO `categories` VALUES (1,'worship-services','Worship Services',NULL,'2024-10-21 19:46:48','2024-10-21 19:46:48'),(2,'youth-ministry','Youth Ministry',NULL,'2024-10-21 19:46:48','2024-10-21 19:46:48'),(3,'community-outreach','Community Outreach',NULL,'2024-10-21 19:46:48','2024-10-21 19:46:48'),(4,'bible-study','Bible Study',NULL,'2024-10-21 19:46:48','2024-10-21 19:46:48'),(5,'prayer-meetings','Prayer Meetings',NULL,'2024-10-21 19:46:48','2024-10-21 19:46:48');

--
-- Table structure for table `chat_messages`
--

CREATE TABLE `chat_messages` (
  `id` bigint(20) unsigned NOT NULL AUTO_INCREMENT,
  `chat_id` bigint(20) unsigned DEFAULT NULL,
  `sender_id` int(11) DEFAULT NULL,
  `type` varchar(255) DEFAULT 'text',
  `content` longtext DEFAULT NULL,
  `created_at` timestamp NULL DEFAULT NULL,
  `updated_at` timestamp NULL DEFAULT NULL,
  PRIMARY KEY (`id`),
  KEY `chat_messages_chat_id_foreign` (`chat_id`),
  CONSTRAINT `chat_messages_chat_id_foreign` FOREIGN KEY (`chat_id`) REFERENCES `chats` (`id`) ON DELETE CASCADE
) ENGINE=InnoDB AUTO_INCREMENT=325 DEFAULT CHARSET=utf8mb4 COLLATE=utf8mb4_unicode_ci;

--
-- Dumping data for table `chat_messages`
--

INSERT INTO `chat_messages` VALUES (1,1,2,'text','Test Message','2024-10-31 20:21:11','2024-10-31 20:21:11'),(2,1,2,'text','!','2024-10-31 20:22:38','2024-10-31 20:22:38'),(3,1,2,'text','123','2024-10-31 20:23:05','2024-10-31 20:23:05'),(4,1,2,'text','qq','2024-10-31 20:27:15','2024-10-31 20:27:15'),(5,2,11,'text','Hi','2024-10-31 21:06:18','2024-10-31 21:06:18'),(6,2,2,'text','Hell','2024-10-31 21:06:26','2024-10-31 21:06:26'),(7,2,11,'text','Greetimgs','2024-10-31 21:06:35','2024-10-31 21:06:35'),(8,1,4,'text','string','2024-11-05 04:29:15','2024-11-05 04:29:15'),(9,4,2,'text','hello','2024-11-05 22:00:36','2024-11-05 22:00:36'),(10,4,2,'text','hello','2024-11-05 22:08:56','2024-11-05 22:08:56'),(11,4,2,'text','1','2024-11-05 22:10:15','2024-11-05 22:10:15'),(12,4,2,'text','2','2024-11-05 22:10:16','2024-11-05 22:10:16'),(13,4,2,'text','3','2024-11-05 22:10:18','2024-11-05 22:10:18'),(14,4,10,'text','test','2024-11-05 23:05:41','2024-11-05 23:05:41'),(15,4,2,'text','yo','2024-11-05 23:35:00','2024-11-05 23:35:00'),(16,4,2,'text','yo','2024-11-05 23:35:28','2024-11-05 23:35:28'),(17,4,10,'text','asdf','2024-11-05 23:35:47','2024-11-05 23:35:47'),(18,4,2,'text','fasdf','2024-11-06 00:11:59','2024-11-06 00:11:59'),(19,4,2,'text','qwefqwefwefq','2024-11-06 00:13:08','2024-11-06 00:13:08'),(20,4,2,'text','asdfasd','2024-11-06 00:13:31','2024-11-06 00:13:31'),(21,4,2,'text','oj','2024-11-06 00:15:49','2024-11-06 00:15:49'),(22,4,10,'text','fasd','2024-11-06 00:16:22','2024-11-06 00:16:22'),(23,4,2,'text','asdfsdfqwer','2024-11-06 00:19:19','2024-11-06 00:19:19'),(24,4,10,'text','hello','2024-11-06 00:20:27','2024-11-06 00:20:27'),(25,4,10,'text','hellorrghh','2024-11-06 00:24:22','2024-11-06 00:24:22'),(26,4,10,'text','hellorrghh','2024-11-06 00:24:26','2024-11-06 00:24:26'),(27,4,2,'text','azxcv','2024-11-06 00:24:37','2024-11-06 00:24:37'),(28,4,2,'text','xcv','2024-11-06 00:25:07','2024-11-06 00:25:07'),(29,4,10,'text','adsf','2024-11-06 00:29:39','2024-11-06 00:29:39'),(30,4,2,'text','zxcv','2024-11-06 00:34:42','2024-11-06 00:34:42'),(31,4,10,'text','qwer','2024-11-06 01:49:56','2024-11-06 01:49:56'),(32,4,10,'text','qwer','2024-11-06 01:52:11','2024-11-06 01:52:11'),(33,4,10,'text','qwer','2024-11-06 01:52:13','2024-11-06 01:52:13'),(34,4,2,'text','zxcvzxqwer','2024-11-06 01:52:41','2024-11-06 01:52:41'),(35,4,2,'text','1234','2024-11-06 01:53:14','2024-11-06 01:53:14'),(36,4,10,'text','zxcv','2024-11-06 01:54:04','2024-11-06 01:54:04'),(37,4,10,'text','asdf','2024-11-06 01:54:38','2024-11-06 01:54:38'),(38,4,2,'text','1234','2024-11-06 01:55:22','2024-11-06 01:55:22'),(39,4,2,'text','asdf','2024-11-06 01:56:01','2024-11-06 01:56:01'),(40,4,2,'text','zcvasdfqwer','2024-11-06 01:57:01','2024-11-06 01:57:01'),(41,4,2,'text','12341234123412341','2024-11-06 01:57:32','2024-11-06 01:57:32'),(42,4,2,'text','qwerty','2024-11-06 01:59:13','2024-11-06 01:59:13'),(43,4,2,'text','zxcvbnm','2024-11-06 02:02:14','2024-11-06 02:02:14'),(44,4,2,'text','asdfghjkl','2024-11-06 02:02:53','2024-11-06 02:02:53'),(45,4,2,'text','1234567890','2024-11-06 02:03:41','2024-11-06 02:03:41'),(46,4,2,'text','1234156','2024-11-06 02:03:53','2024-11-06 02:03:53'),(47,4,2,'text','13412312341','2024-11-06 02:04:38','2024-11-06 02:04:38'),(48,4,2,'text','qdfasdczxc','2024-11-06 02:05:04','2024-11-06 02:05:04'),(49,4,10,'text','12345','2024-11-06 02:05:36','2024-11-06 02:05:36'),(50,4,10,'text','12345','2024-11-06 02:05:53','2024-11-06 02:05:53'),(51,4,10,'text','12345','2024-11-06 02:06:02','2024-11-06 02:06:02'),(52,4,10,'text','12345','2024-11-06 02:06:09','2024-11-06 02:06:09'),(53,4,2,'text','123','2024-11-06 02:06:32','2024-11-06 02:06:32'),(54,4,10,'text','qwed','2024-11-06 02:08:43','2024-11-06 02:08:43'),(55,4,10,'text','qwed','2024-11-06 02:08:48','2024-11-06 02:08:48'),(56,4,10,'text','qwerty','2024-11-06 02:08:58','2024-11-06 02:08:58'),(57,4,10,'text','qwerty','2024-11-06 02:09:28','2024-11-06 02:09:28'),(58,4,10,'text','qwerty','2024-11-06 02:09:53','2024-11-06 02:09:53'),(59,4,10,'text','qwerty','2024-11-06 02:10:44','2024-11-06 02:10:44'),(60,4,10,'text','qwerty','2024-11-06 02:11:21','2024-11-06 02:11:21'),(61,4,10,'text','qwerty','2024-11-06 02:12:34','2024-11-06 02:12:34'),(62,4,10,'text','qwerty','2024-11-06 02:23:08','2024-11-06 02:23:08'),(63,4,10,'text','qwerty','2024-11-06 02:24:13','2024-11-06 02:24:13'),(64,4,10,'text','qwerty','2024-11-06 02:25:14','2024-11-06 02:25:14'),(65,4,10,'text','qwerty','2024-11-06 02:26:30','2024-11-06 02:26:30'),(66,4,10,'text','qwerty','2024-11-06 02:28:26','2024-11-06 02:28:26'),(67,4,10,'text','qwerty','2024-11-06 02:28:57','2024-11-06 02:28:57'),(68,4,10,'text','qwerty','2024-11-06 02:29:16','2024-11-06 02:29:16'),(69,4,10,'text','1234','2024-11-06 02:29:25','2024-11-06 02:29:25'),(70,4,10,'text','1234','2024-11-06 02:29:34','2024-11-06 02:29:34'),(71,4,10,'text','asdfg','2024-11-06 02:30:41','2024-11-06 02:30:41'),(72,4,10,'text','asdfg','2024-11-06 02:30:52','2024-11-06 02:30:52'),(73,4,10,'text','asdfg','2024-11-06 02:30:53','2024-11-06 02:30:53'),(74,4,2,'text','adfasdf','2024-11-06 02:30:56','2024-11-06 02:30:56'),(75,4,10,'text','123456','2024-11-06 02:34:45','2024-11-06 02:34:45'),(76,4,10,'text','rqwer','2024-11-06 02:35:49','2024-11-06 02:35:49'),(77,4,10,'text','12341234123414','2024-11-06 02:37:14','2024-11-06 02:37:14'),(78,4,2,'text','asdfasdf','2024-11-06 02:37:46','2024-11-06 02:37:46'),(79,4,10,'text','1234','2024-11-06 02:38:10','2024-11-06 02:38:10'),(80,4,2,'text','zxcvxz','2024-11-06 02:38:50','2024-11-06 02:38:50'),(81,4,10,'text','asdf','2024-11-06 02:39:34','2024-11-06 02:39:34'),(82,4,2,'text','zcv','2024-11-06 02:41:53','2024-11-06 02:41:53'),(83,4,10,'text','poiuy','2024-11-06 02:42:05','2024-11-06 02:42:05'),(84,4,10,'text','poiuy','2024-11-06 02:42:50','2024-11-06 02:42:50'),(85,4,10,'text','poiuy','2024-11-06 02:43:18','2024-11-06 02:43:18'),(86,4,10,'text','poiuy','2024-11-06 02:43:26','2024-11-06 02:43:26'),(87,4,2,'text','1234','2024-11-06 02:43:39','2024-11-06 02:43:39'),(88,4,10,'text','1234','2024-11-06 02:44:15','2024-11-06 02:44:15'),(89,4,10,'text','1234','2024-11-06 02:44:16','2024-11-06 02:44:16'),(90,4,10,'text','1234','2024-11-06 02:47:18','2024-11-06 02:47:18'),(91,4,10,'text','1234','2024-11-06 02:47:54','2024-11-06 02:47:54'),(92,4,10,'text','1234','2024-11-06 02:47:55','2024-11-06 02:47:55'),(93,4,10,'text','1234','2024-11-06 02:48:09','2024-11-06 02:48:09'),(94,4,2,'text','zcvzxcvadcasc','2024-11-06 02:48:21','2024-11-06 02:48:21'),(95,4,10,'text','1111','2024-11-06 02:49:33','2024-11-06 02:49:33'),(96,4,10,'text','1111','2024-11-06 02:50:49','2024-11-06 02:50:49'),(97,4,2,'text','zxcvz','2024-11-06 02:51:37','2024-11-06 02:51:37'),(98,3,2,'text','hello','2024-11-06 02:52:39','2024-11-06 02:52:39'),(99,3,6,'text','Yesy','2024-11-06 02:54:56','2024-11-06 02:54:56'),(100,3,6,'text','Yeah','2024-11-06 02:55:41','2024-11-06 02:55:41'),(101,3,6,'text','Yeah','2024-11-06 02:55:59','2024-11-06 02:55:59'),(102,3,6,'text','Ok','2024-11-06 02:56:45','2024-11-06 02:56:45'),(103,3,6,'text','Ok','2024-11-06 02:57:03','2024-11-06 02:57:03'),(104,3,6,'text','111','2024-11-06 02:57:24','2024-11-06 02:57:24'),(105,3,2,'text','zxcv','2024-11-06 02:57:30','2024-11-06 02:57:30'),(106,3,2,'text','1122','2024-11-06 02:58:31','2024-11-06 02:58:31'),(107,3,6,'text','3344','2024-11-06 02:58:38','2024-11-06 02:58:38'),(108,3,2,'text','55','2024-11-06 02:58:46','2024-11-06 02:58:46'),(109,3,6,'text','66','2024-11-06 02:58:50','2024-11-06 02:58:50'),(110,4,2,'text','123','2024-11-06 02:59:15','2024-11-06 02:59:15'),(111,4,2,'text','123','2024-11-06 02:59:20','2024-11-06 02:59:20'),(112,4,10,'text','312','2024-11-06 02:59:26','2024-11-06 02:59:26'),(113,4,10,'text','333','2024-11-06 02:59:31','2024-11-06 02:59:31'),(114,4,2,'text','12341234123412341','2024-11-06 03:11:14','2024-11-06 03:11:14'),(115,3,6,'text','4321','2024-11-06 03:11:21','2024-11-06 03:11:21'),(116,4,10,'text','432142321','2024-11-06 03:11:29','2024-11-06 03:11:29'),(117,4,2,'text','full','2024-11-06 03:13:45','2024-11-06 03:13:45'),(118,4,10,'text','ok','2024-11-06 03:14:01','2024-11-06 03:14:01'),(119,4,2,'text','full','2024-11-06 03:14:09','2024-11-06 03:14:09'),(120,4,2,'text','czxc','2024-11-06 03:14:57','2024-11-06 03:14:57'),(121,4,2,'text','1234','2024-11-06 03:15:32','2024-11-06 03:15:32'),(122,3,2,'text','111','2024-11-06 03:15:55','2024-11-06 03:15:55'),(123,3,2,'text','zxcv','2024-11-06 03:16:20','2024-11-06 03:16:20'),(124,3,2,'text','qwerty','2024-11-06 03:16:29','2024-11-06 03:16:29'),(125,3,6,'text','Qwerty','2024-11-06 03:16:36','2024-11-06 03:16:36'),(126,3,6,'text','Qwerty','2024-11-06 03:16:52','2024-11-06 03:16:52'),(127,3,2,'text','point','2024-11-06 03:17:03','2024-11-06 03:17:03'),(128,3,6,'text','Point','2024-11-06 03:17:09','2024-11-06 03:17:09'),(129,4,10,'text','qwerty','2024-11-06 03:17:39','2024-11-06 03:17:39'),(130,4,2,'text','1234','2024-11-06 03:18:02','2024-11-06 03:18:02'),(131,4,2,'text','qwerty','2024-11-06 03:18:16','2024-11-06 03:18:16'),(132,4,10,'text','1122','2024-11-06 03:18:36','2024-11-06 03:18:36'),(133,3,2,'text','fdsa','2024-11-06 03:19:09','2024-11-06 03:19:09'),(134,3,6,'text','Fdsa','2024-11-06 03:19:16','2024-11-06 03:19:16'),(135,4,2,'text','111','2024-11-06 03:19:34','2024-11-06 03:19:34'),(136,4,10,'text','fdsa','2024-11-06 03:19:42','2024-11-06 03:19:42'),(137,3,6,'text','Test','2024-11-12 22:57:17','2024-11-12 22:57:17'),(138,3,6,'text','Test','2024-11-12 22:57:35','2024-11-12 22:57:35'),(139,3,6,'text','Test','2024-11-15 01:58:16','2024-11-15 01:58:16'),(140,3,6,'text','Test123','2024-11-15 01:58:21','2024-11-15 01:58:21'),(141,3,6,'text','Bush','2024-11-15 01:58:26','2024-11-15 01:58:26'),(142,7,7,'text','hello','2025-01-14 17:13:25','2025-01-14 17:13:25'),(143,1,4,'text','string','2025-05-07 18:09:35','2025-05-07 18:09:35'),(144,1,4,'text','hello user','2025-05-07 18:09:46','2025-05-07 18:09:46'),(145,1,4,'text','hello user','2025-05-07 18:21:59','2025-05-07 18:21:59'),(146,1,4,'text','hello user','2025-05-07 18:27:58','2025-05-07 18:27:58'),(147,1,4,'text','string','2025-05-08 23:24:17','2025-05-08 23:24:17'),(148,1,4,'text','string','2025-05-08 23:26:12','2025-05-08 23:26:12'),(149,1,4,'text','string','2025-05-08 23:28:10','2025-05-08 23:28:10'),(150,1,4,'text','string','2025-05-08 23:34:38','2025-05-08 23:34:38'),(151,3,6,'text','Hello','2025-05-12 16:46:38','2025-05-12 16:46:38'),(152,3,6,'text','Hellp','2025-05-12 16:46:40','2025-05-12 16:46:40'),(153,3,6,'text','Nzjzns z z','2025-05-12 16:46:52','2025-05-12 16:46:52'),(154,3,6,'text','Wwqqqqqqqqqqwwww','2025-05-12 16:47:00','2025-05-12 16:47:00'),(155,3,6,'text','Iiiikk','2025-05-12 16:47:20','2025-05-12 16:47:20'),(156,3,6,'text','.mnjj','2025-05-12 16:47:23','2025-05-12 16:47:23'),(157,3,6,'text','Yyyhhh','2025-05-12 16:48:03','2025-05-12 16:48:03'),(158,3,6,'text','123rt','2025-05-12 16:49:18','2025-05-12 16:49:18'),(159,3,6,'text','1234','2025-05-12 16:52:20','2025-05-12 16:52:20'),(160,1,4,'text','string','2025-05-12 16:52:24','2025-05-12 16:52:24'),(161,14,2,'text','heelo','2025-05-12 17:09:09','2025-05-12 17:09:09'),(162,12,2,'text','awsd','2025-05-12 17:09:27','2025-05-12 17:09:27'),(163,3,6,'text','1234','2025-05-12 17:11:01','2025-05-12 17:11:01'),(164,3,6,'text','123','2025-05-12 17:11:31','2025-05-12 17:11:31'),(165,3,2,'text','12344321','2025-05-12 17:14:09','2025-05-12 17:14:09'),(166,3,2,'text','12211','2025-05-12 17:16:35','2025-05-12 17:16:35'),(167,3,6,'text','Uuuu','2025-05-12 17:27:41','2025-05-12 17:27:41'),(168,11,2,'text','dwad','2025-05-12 17:28:53','2025-05-12 17:28:53'),(169,11,2,'text','awd','2025-05-12 17:37:16','2025-05-12 17:37:16'),(170,11,2,'text','ddd','2025-05-12 17:37:26','2025-05-12 17:37:26'),(171,3,6,'text','76yyyyvg','2025-05-12 17:44:59','2025-05-12 17:44:59'),(172,3,6,'text','Okn','2025-05-12 17:45:07','2025-05-12 17:45:07'),(173,7,2,'text','yes','2025-05-12 17:56:42','2025-05-12 17:56:42'),(174,11,2,'text','aa','2025-05-12 18:01:00','2025-05-12 18:01:00'),(175,11,2,'text','a','2025-05-12 18:03:01','2025-05-12 18:03:01'),(176,7,7,'text','112233','2025-05-12 18:07:23','2025-05-12 18:07:23'),(177,7,7,'text','11','2025-05-12 18:08:15','2025-05-12 18:08:15'),(178,11,2,'text','a','2025-05-12 18:08:23','2025-05-12 18:08:23'),(179,11,2,'text','ds','2025-05-12 18:08:36','2025-05-12 18:08:36'),(180,11,2,'text','adadsdsd','2025-05-12 18:13:24','2025-05-12 18:13:24'),(181,11,2,'text','awdddww','2025-05-12 18:13:55','2025-05-12 18:13:55'),(182,10,2,'text','awdwd','2025-05-12 18:16:31','2025-05-12 18:16:31'),(183,10,2,'text','ad','2025-05-12 18:21:59','2025-05-12 18:21:59'),(184,10,2,'text','wwwwwww','2025-05-12 18:24:41','2025-05-12 18:24:41'),(185,10,2,'text','addd','2025-05-12 18:28:17','2025-05-12 18:28:17'),(186,10,2,'text','addd','2025-05-12 18:28:21','2025-05-12 18:28:21'),(187,10,2,'text','a','2025-05-12 18:30:06','2025-05-12 18:30:06'),(188,10,2,'text','a','2025-05-12 18:30:12','2025-05-12 18:30:12'),(189,10,2,'text','a','2025-05-12 18:31:40','2025-05-12 18:31:40'),(190,10,2,'text','dw','2025-05-12 18:33:11','2025-05-12 18:33:11'),(191,10,2,'text','wadd','2025-05-12 18:33:17','2025-05-12 18:33:17'),(192,8,2,'text','12','2025-05-12 18:37:39','2025-05-12 18:37:39'),(193,8,2,'text','awe1','2025-05-12 18:40:11','2025-05-12 18:40:11'),(194,8,2,'text','adwd','2025-05-12 18:44:01','2025-05-12 18:44:01'),(195,8,2,'text','132133','2025-05-12 18:46:37','2025-05-12 18:46:37'),(196,8,2,'text','hello','2025-05-12 18:52:24','2025-05-12 18:52:24'),(197,8,2,'text','wdwdddw','2025-05-12 18:55:34','2025-05-12 18:55:34'),(198,8,2,'text','wdddd','2025-05-12 19:00:24','2025-05-12 19:00:24'),(199,8,2,'text','wad','2025-05-12 19:03:20','2025-05-12 19:03:20'),(200,8,2,'text','wwwwwwwwwwww','2025-05-12 19:05:25','2025-05-12 19:05:25'),(201,8,2,'text','12323333','2025-05-12 19:06:32','2025-05-12 19:06:32'),(202,8,2,'text','3213123321','2025-05-12 19:06:38','2025-05-12 19:06:38'),(203,8,2,'text','wwwwwwwwwwwwwwwwwwwwwwwwww','2025-05-12 19:14:54','2025-05-12 19:14:54'),(204,8,2,'text','dddd','2025-05-12 20:27:14','2025-05-12 20:27:14'),(205,8,2,'text','asdd','2025-05-12 20:36:05','2025-05-12 20:36:05'),(206,8,2,'text','aaaaaaaaaaaaaaaaaaaaaaaaa','2025-05-12 20:38:50','2025-05-12 20:38:50'),(207,8,2,'text','aaaa','2025-05-12 20:40:34','2025-05-12 20:40:34'),(208,8,2,'text','adddd','2025-05-12 20:40:39','2025-05-12 20:40:39'),(209,8,2,'text','hello','2025-05-12 20:54:10','2025-05-12 20:54:10'),(210,8,2,'text','hello','2025-05-12 20:55:09','2025-05-12 20:55:09'),(211,8,2,'text','ddddd','2025-05-12 20:59:16','2025-05-12 20:59:16'),(212,15,2,'text','123','2025-05-12 23:02:26','2025-05-12 23:02:26'),(213,15,2,'text','12fef','2025-05-12 23:08:00','2025-05-12 23:08:00'),(214,15,2,'text','assa','2025-05-12 23:11:16','2025-05-12 23:11:16'),(215,15,2,'text','hello','2025-05-12 23:12:23','2025-05-12 23:12:23'),(216,15,2,'text','dadw','2025-05-12 23:18:35','2025-05-12 23:18:35'),(217,15,2,'text','wdwddw','2025-05-12 23:19:19','2025-05-12 23:19:19'),(218,15,2,'text','aaaaaaaaaaaaaaaaaaa','2025-05-12 23:19:28','2025-05-12 23:19:28'),(219,15,2,'text','hello','2025-05-12 23:20:54','2025-05-12 23:20:54'),(220,15,2,'text','dad','2025-05-12 23:21:05','2025-05-12 23:21:05'),(221,3,6,'text','1w4fff','2025-05-12 23:21:38','2025-05-12 23:21:38'),(222,3,6,'text','Iahajabwzbab','2025-05-12 23:21:44','2025-05-12 23:21:44'),(223,3,6,'text','Hello','2025-05-12 23:22:35','2025-05-12 23:22:35'),(224,3,2,'text','kkk','2025-05-12 23:22:41','2025-05-12 23:22:41'),(225,3,2,'text','heelo','2025-05-12 23:22:53','2025-05-12 23:22:53'),(226,3,6,'text','123','2025-05-12 23:22:59','2025-05-12 23:22:59'),(227,3,6,'text','123','2025-05-12 23:23:27','2025-05-12 23:23:27'),(228,3,2,'text','ttt','2025-05-12 23:31:20','2025-05-12 23:31:20'),(229,8,2,'text','wwwwwwwwwwwwwwwwwwwwwwwwwwwwwwww','2025-05-13 00:57:21','2025-05-13 00:57:21'),(230,3,2,'text','112','2025-05-13 17:33:42','2025-05-13 17:33:42'),(231,3,2,'text','11','2025-05-13 17:34:22','2025-05-13 17:34:22'),(232,3,2,'text','221','2025-05-13 17:37:37','2025-05-13 17:37:37'),(233,3,6,'text','1212','2025-05-13 17:37:49','2025-05-13 17:37:49'),(234,1,4,'text','string','2025-05-13 17:39:16','2025-05-13 17:39:16'),(235,3,6,'text','121232131','2025-05-13 17:40:46','2025-05-13 17:40:46'),(236,3,6,'text','11111','2025-05-13 17:42:30','2025-05-13 17:42:30'),(237,1,4,'text','string','2025-05-13 17:42:34','2025-05-13 17:42:34'),(238,3,2,'text','31231213','2025-05-13 17:42:57','2025-05-13 17:42:57'),(239,3,6,'text','121','2025-05-13 17:51:55','2025-05-13 17:51:55'),(240,3,6,'text','11221122','2025-05-13 17:53:54','2025-05-13 17:53:54'),(241,3,2,'text','3qwqwq','2025-05-13 17:56:14','2025-05-13 17:56:14'),(242,3,6,'text','1212','2025-05-13 17:56:28','2025-05-13 17:56:28'),(243,7,7,'text','12321313','2025-05-13 17:58:50','2025-05-13 17:58:50'),(244,7,2,'text','12312','2025-05-13 17:59:11','2025-05-13 17:59:11'),(245,7,2,'text','121','2025-05-13 18:00:36','2025-05-13 18:00:36'),(246,7,7,'text','111','2025-05-13 18:00:42','2025-05-13 18:00:42'),(247,7,7,'text','21','2025-05-13 18:00:59','2025-05-13 18:00:59'),(248,7,2,'text','333','2025-05-13 18:01:53','2025-05-13 18:01:53'),(249,3,6,'text','123123','2025-05-13 19:12:38','2025-05-13 19:12:38'),(250,3,2,'text','11qq','2025-05-13 19:13:20','2025-05-13 19:13:20'),(251,3,6,'text','Eeeee','2025-05-13 19:13:34','2025-05-13 19:13:34'),(252,3,6,'text','11qq','2025-05-13 19:14:40','2025-05-13 19:14:40'),(253,3,6,'text','Qqqq','2025-05-13 19:15:26','2025-05-13 19:15:26'),(254,3,6,'text','222','2025-05-13 19:15:36','2025-05-13 19:15:36'),(255,3,6,'text','Qwerty','2025-05-13 19:16:54','2025-05-13 19:16:54'),(256,3,6,'text','Qwe123','2025-05-13 19:17:25','2025-05-13 19:17:25'),(257,3,6,'text','1122','2025-05-13 19:18:05','2025-05-13 19:18:05'),(258,3,6,'text','33','2025-05-13 19:18:29','2025-05-13 19:18:29'),(259,3,6,'text','11','2025-05-13 19:45:04','2025-05-13 19:45:04'),(260,3,6,'text','1122','2025-05-13 19:46:53','2025-05-13 19:46:53'),(261,3,2,'text','qwe','2025-05-13 19:47:15','2025-05-13 19:47:15'),(262,3,6,'text','Qqq','2025-05-13 19:47:42','2025-05-13 19:47:42'),(263,3,2,'text','1231231','2025-05-13 19:48:19','2025-05-13 19:48:19'),(264,3,6,'text','Mmm','2025-05-13 19:48:46','2025-05-13 19:48:46'),(265,3,6,'text','Nn','2025-05-13 19:49:26','2025-05-13 19:49:26'),(266,3,6,'text','Non','2025-05-13 19:49:28','2025-05-13 19:49:28'),(267,3,6,'text','Qqq','2025-05-13 19:50:07','2025-05-13 19:50:07'),(268,3,6,'text','11','2025-05-13 19:51:13','2025-05-13 19:51:13'),(269,3,6,'text','1232','2025-05-13 19:52:34','2025-05-13 19:52:34'),(270,7,7,'text','qwe','2025-05-13 19:52:45','2025-05-13 19:52:45'),(271,3,2,'text','zxcvbnm','2025-05-13 19:54:03','2025-05-13 19:54:03'),(272,3,2,'text','mnbvcxz','2025-05-13 19:54:16','2025-05-13 19:54:16'),(273,3,6,'text','123321','2025-05-13 19:56:10','2025-05-13 19:56:10'),(274,3,6,'text','321123','2025-05-13 19:56:36','2025-05-13 19:56:36'),(275,3,6,'text','Poiuytrew','2025-05-13 19:56:49','2025-05-13 19:56:49'),(276,3,2,'text','qwertyuio','2025-05-13 19:56:58','2025-05-13 19:56:58'),(277,3,6,'text','Poiuytre','2025-05-13 19:57:05','2025-05-13 19:57:05'),(278,3,6,'text','987654321','2025-05-13 19:57:14','2025-05-13 19:57:14'),(279,3,2,'text','lkjhgfds','2025-05-13 19:57:24','2025-05-13 19:57:24'),(280,3,6,'text','Lkjhgfdsa','2025-05-13 19:57:37','2025-05-13 19:57:37'),(281,3,2,'text','asdfgh','2025-05-13 20:00:24','2025-05-13 20:00:24'),(282,3,2,'text','mnbvcxz','2025-05-13 20:00:35','2025-05-13 20:00:35'),(283,3,6,'text','Qwertyopui','2025-05-13 20:00:41','2025-05-13 20:00:41'),(284,3,6,'text','Czvxbnm','2025-05-13 20:00:46','2025-05-13 20:00:46'),(285,3,2,'text','fasdfa','2025-05-13 20:00:52','2025-05-13 20:00:52'),(286,7,7,'text','12341234','2025-05-26 19:26:23','2025-05-26 19:26:23'),(287,8,2,'text','123','2025-05-27 16:11:30','2025-05-27 16:11:30'),(288,3,2,'text','123','2025-05-27 16:12:07','2025-05-27 16:12:07'),(289,7,2,'text','123123','2025-05-27 16:12:25','2025-05-27 16:12:25'),(290,7,2,'text','23','2025-05-27 16:12:42','2025-05-27 16:12:42'),(291,7,7,'text','11','2025-05-27 16:12:45','2025-05-27 16:12:45'),(292,7,2,'text','555','2025-06-02 20:49:16','2025-06-02 20:49:16'),(293,7,2,'text','99','2025-06-02 20:49:39','2025-06-02 20:49:39'),(294,7,2,'text','yhg','2025-06-02 20:50:10','2025-06-02 20:50:10'),(295,3,6,'text','Uegued dh','2025-06-02 20:50:49','2025-06-02 20:50:49'),(296,7,7,'text','Hello','2025-06-02 20:51:59','2025-06-02 20:51:59'),(297,7,7,'text','123','2025-06-02 20:56:22','2025-06-02 20:56:22'),(298,7,2,'text','hhh','2025-06-02 20:56:35','2025-06-02 20:56:35'),(299,7,2,'text','444','2025-06-02 21:15:22','2025-06-02 21:15:22'),(300,7,2,'text','jjj','2025-06-02 21:15:50','2025-06-02 21:15:50'),(301,7,7,'text','Gene','2025-06-02 21:18:02','2025-06-02 21:18:02'),(302,16,23,'text','Hello','2025-06-03 02:13:28','2025-06-03 02:13:28'),(303,16,23,'text','Ihello','2025-06-03 02:13:36','2025-06-03 02:13:36'),(304,3,6,'text','Hdllo','2025-06-03 16:08:48','2025-06-03 16:08:48'),(305,3,6,'text','Hello','2025-06-03 16:08:57','2025-06-03 16:08:57'),(306,7,7,'text','123','2025-06-03 17:28:43','2025-06-03 17:28:43'),(307,7,7,'text','123','2025-06-03 17:28:52','2025-06-03 17:28:52'),(308,3,6,'text','1234','2025-06-03 17:38:36','2025-06-03 17:38:36'),(309,3,2,'text','111','2025-06-03 17:39:37','2025-06-03 17:39:37'),(310,3,6,'text','222','2025-06-03 17:39:52','2025-06-03 17:39:52'),(311,3,6,'text','1234','2025-06-03 17:42:04','2025-06-03 17:42:04'),(312,3,2,'text','111','2025-06-03 17:52:59','2025-06-03 17:52:59'),(313,3,6,'text','222','2025-06-03 17:53:06','2025-06-03 17:53:06'),(314,3,6,'text','123','2025-06-03 17:53:41','2025-06-03 17:53:41'),(315,3,6,'text','12341234','2025-06-03 18:06:59','2025-06-03 18:06:59'),(316,3,6,'text','12','2025-06-03 19:03:56','2025-06-03 19:03:56'),(317,7,7,'text','32','2025-06-03 19:04:07','2025-06-03 19:04:07'),(318,7,7,'text','Hey','2025-06-03 19:40:37','2025-06-03 19:40:37'),(319,3,6,'text','Hell0','2025-06-14 00:38:50','2025-06-14 00:38:50'),(320,3,6,'text','Hello','2025-06-14 00:39:00','2025-06-14 00:39:00'),(321,3,6,'text','Hi','2025-07-23 01:57:55','2025-07-23 01:57:55'),(322,3,6,'text','Hello','2025-07-23 01:57:59','2025-07-23 01:57:59'),(323,3,6,'text','Hehehehehe','2025-09-30 16:53:15','2025-09-30 16:53:15'),(324,18,26,'text','Hi','2025-10-01 17:53:45','2025-10-01 17:53:45');

--
-- Table structure for table `chats`
--

CREATE TABLE `chats` (
  `id` bigint(20) unsigned NOT NULL AUTO_INCREMENT,
  `user_id` bigint(20) unsigned DEFAULT NULL,
  `admin_id` int(11) DEFAULT NULL,
  `channel` varchar(255) NOT NULL DEFAULT '7220473e-5db5-4de4-8112-470b4799d61a',
  `created_at` timestamp NULL DEFAULT NULL,
  `updated_at` timestamp NULL DEFAULT NULL,
  PRIMARY KEY (`id`),
  UNIQUE KEY `chats_channel_unique` (`channel`),
  KEY `chats_user_id_foreign` (`user_id`),
  CONSTRAINT `chats_user_id_foreign` FOREIGN KEY (`user_id`) REFERENCES `users` (`id`) ON DELETE CASCADE
) ENGINE=InnoDB AUTO_INCREMENT=19 DEFAULT CHARSET=utf8mb4 COLLATE=utf8mb4_unicode_ci;

--
-- Dumping data for table `chats`
--

INSERT INTO `chats` VALUES (1,4,2,'d7528291-6f13-4a75-a334-55d6466f67bf','2024-10-29 22:52:02','2024-10-29 22:52:02'),(2,11,2,'88a4e499-3dec-4b65-9443-0e31d32e346c','2024-10-31 21:05:11','2024-10-31 21:05:11'),(3,6,2,'13ca7f45-af7d-4953-aae7-baa15e7dd357','2024-11-05 04:35:00','2024-11-05 04:35:00'),(4,10,2,'fee6fb87-ad65-49f2-8916-69a436c6c41f','2024-11-05 04:37:29','2024-11-05 04:37:29'),(5,12,2,'58d62155-52d2-4c8b-a8c6-a400b79ef7c0','2024-11-05 21:59:16','2024-11-05 21:59:16'),(6,15,2,'8efd06a3-55aa-4450-a484-acfeefc2753a','2024-11-15 05:06:05','2024-11-15 05:06:05'),(7,7,2,'680b795b-5122-4e07-a193-fa9baedf5d63','2025-01-14 17:06:41','2025-01-14 17:06:41'),(8,19,2,'9f4cb9d4-616e-48f2-bef8-d300fb9fc4e4','2025-01-15 08:17:32','2025-01-15 08:17:32'),(9,18,2,'e5e30c5b-e332-46bf-8172-fe198d449e62','2025-01-28 18:59:07','2025-01-28 18:59:07'),(10,20,2,'9b99f062-a8b7-4e9b-84c1-38febcfd2c5b','2025-02-05 19:46:20','2025-02-05 19:46:20'),(11,21,2,'bccf71d6-fb22-4609-9e72-7a3fd00200c4','2025-02-26 23:25:46','2025-02-26 23:25:46'),(12,1,2,'58cbaf91-11ec-475a-a500-154c35de81d4','2025-05-12 17:04:52','2025-05-12 17:04:52'),(13,2,2,'f3353fa7-aa2b-43b2-967e-04bc70fbbf0c','2025-05-12 17:05:27','2025-05-12 17:05:27'),(14,NULL,2,'d17f43a4-88c5-4d0d-b47a-2a5dbcbefcd5','2025-05-12 17:05:32','2025-05-12 17:05:32'),(15,17,2,'b045eb77-7289-4be6-983f-e875aafa8335','2025-05-12 23:02:22','2025-05-12 23:02:22'),(16,23,2,'e467d1f9-9701-463d-9bdc-4b09a2c8baf6','2025-06-03 02:13:24','2025-06-03 02:13:24'),(17,24,2,'7b61ff6a-01ab-49d1-84c9-1276a23c3c04','2025-06-05 01:53:32','2025-06-05 01:53:32'),(18,26,2,'a1d23c74-7dc1-4161-8c8e-3b65587e0aac','2025-10-01 17:25:43','2025-10-01 17:25:43');

--
-- Table structure for table `event_book_marks`
--

CREATE TABLE `event_book_marks` (
  `id` bigint(20) unsigned NOT NULL AUTO_INCREMENT,
  `event_id` bigint(20) unsigned NOT NULL,
  `user_id` bigint(20) unsigned NOT NULL,
  `created_at` timestamp NULL DEFAULT NULL,
  `updated_at` timestamp NULL DEFAULT NULL,
  PRIMARY KEY (`id`),
  KEY `event_book_marks_event_id_foreign` (`event_id`),
  KEY `event_book_marks_user_id_foreign` (`user_id`),
  CONSTRAINT `event_book_marks_event_id_foreign` FOREIGN KEY (`event_id`) REFERENCES `events` (`id`) ON DELETE CASCADE,
  CONSTRAINT `event_book_marks_user_id_foreign` FOREIGN KEY (`user_id`) REFERENCES `users` (`id`) ON DELETE CASCADE
) ENGINE=InnoDB AUTO_INCREMENT=42 DEFAULT CHARSET=utf8mb4 COLLATE=utf8mb4_unicode_ci;

--
-- Dumping data for table `event_book_marks`
--

INSERT INTO `event_book_marks` VALUES (5,6,6,'2024-10-23 00:35:47','2024-10-23 00:35:47'),(19,1,10,'2024-10-29 02:33:33','2024-10-29 02:33:33'),(24,1,8,'2024-11-20 02:27:33','2024-11-20 02:27:33'),(25,1,20,'2025-02-05 19:47:17','2025-02-05 19:47:17'),(29,1,7,'2025-05-29 19:31:37','2025-05-29 19:31:37'),(30,1,23,'2025-06-03 02:18:07','2025-06-03 02:18:07'),(34,1,6,'2025-09-30 16:50:34','2025-09-30 16:50:34'),(39,1,26,'2025-10-01 17:34:28','2025-10-01 17:34:28'),(40,2,4,'2025-10-01 17:38:01','2025-10-01 17:38:01'),(41,20,4,'2025-10-01 17:38:35','2025-10-01 17:38:35');

--
-- Table structure for table `event_participants`
--

CREATE TABLE `event_participants` (
  `id` bigint(20) unsigned NOT NULL AUTO_INCREMENT,
  `user_id` bigint(20) unsigned NOT NULL,
  `event_id` bigint(20) unsigned NOT NULL,
  `deleted_at` timestamp NULL DEFAULT NULL,
  `created_at` timestamp NULL DEFAULT NULL,
  `updated_at` timestamp NULL DEFAULT NULL,
  PRIMARY KEY (`id`),
  KEY `event_participants_user_id_foreign` (`user_id`),
  KEY `event_participants_event_id_foreign` (`event_id`),
  CONSTRAINT `event_participants_event_id_foreign` FOREIGN KEY (`event_id`) REFERENCES `events` (`id`) ON DELETE CASCADE,
  CONSTRAINT `event_participants_user_id_foreign` FOREIGN KEY (`user_id`) REFERENCES `users` (`id`) ON DELETE CASCADE
) ENGINE=InnoDB AUTO_INCREMENT=13 DEFAULT CHARSET=utf8mb4 COLLATE=utf8mb4_unicode_ci;

--
-- Dumping data for table `event_participants`
--

INSERT INTO `event_participants` VALUES (1,4,4,NULL,'2024-10-23 21:22:32','2024-10-23 21:22:32'),(2,4,20,NULL,'2024-10-23 21:22:38','2024-10-23 21:22:38'),(3,4,2,NULL,'2024-10-23 21:22:42','2024-10-23 21:22:42'),(4,4,1,NULL,'2024-10-23 21:22:45','2024-10-23 21:22:45'),(5,6,3,NULL,'2024-10-24 22:15:50','2024-10-24 22:15:50'),(6,4,3,NULL,'2024-10-24 22:17:15','2024-10-24 22:17:15'),(7,4,5,NULL,'2024-10-24 22:21:39','2024-10-24 22:21:39'),(8,7,3,NULL,'2024-10-25 21:25:56','2024-10-25 21:25:56'),(9,7,6,NULL,'2024-10-25 21:36:36','2024-10-25 21:36:36'),(10,7,1,NULL,'2024-10-25 21:38:44','2024-10-25 21:38:44'),(11,6,4,NULL,'2024-10-25 21:41:08','2024-10-25 21:41:08'),(12,6,2,NULL,'2024-11-20 02:26:15','2024-11-20 02:26:15');

--
-- Table structure for table `events`
--

CREATE TABLE `events` (
  `id` bigint(20) unsigned NOT NULL AUTO_INCREMENT,
  `user_id` int(11) DEFAULT NULL,
  `title` varchar(255) DEFAULT NULL,
  `date` varchar(255) DEFAULT NULL,
  `start_time` varchar(255) DEFAULT NULL,
  `end_time` varchar(255) DEFAULT NULL,
  `location` varchar(255) DEFAULT NULL,
  `description` longtext DEFAULT NULL,
  `price` int(11) DEFAULT NULL,
  `external_url` varchar(255) DEFAULT NULL,
  `created_at` timestamp NULL DEFAULT NULL,
  `updated_at` timestamp NULL DEFAULT NULL,
  `deleted_at` timestamp NULL DEFAULT NULL,
  `category_id` bigint(20) unsigned DEFAULT NULL,
  PRIMARY KEY (`id`),
  KEY `events_category_id_foreign` (`category_id`),
  CONSTRAINT `events_category_id_foreign` FOREIGN KEY (`category_id`) REFERENCES `categories` (`id`) ON DELETE CASCADE
) ENGINE=InnoDB AUTO_INCREMENT=24 DEFAULT CHARSET=utf8mb4 COLLATE=utf8mb4_unicode_ci;

--
-- Dumping data for table `events`
--

INSERT INTO `events` VALUES (1,1,'Beatae iure voluptatem est.','2026-01-15','00:08','14:00','5297 Heller ExtensionsRobertsport, MI 73652','Quod sequi libero qui corporis. Necessitatibus quis ab voluptatem sed. Culpa laborum eligendi voluptatum molestias sed molestiae similique deserunt. Doloremque eaque iusto sint voluptatum. Praesentium quibusdam et consequuntur voluptatem recusandae. Consequatur id natus voluptatem dolorum.',123,'https://www.mckinneytexas.org/562/Events-Festivals','2024-11-05 15:47:41','2025-01-08 18:08:14',NULL,1),(2,1,'Et architecto debitis.','2026-01-15','00:45','03:49','482 King ForksRocioton, NM 04816-6043','Consequatur dolor animi enim eum. Saepe debitis minus eum. Repellendus atque aut qui deleniti cupiditate ipsa qui. Sequi non sint aliquam autem dolor exercitationem qui iure. Optio rerum aut et. Quod ab alias quidem fugit officia sit.',309,'https://www.mckinneytexas.org/562/Events-Festivals','2024-11-05 15:47:41','2025-01-08 19:59:22',NULL,1),(3,1,'Nulla architecto ipsum dolores.','2026-01-15','09:17 PM','06:20 PM','839 Karen Springs\nEast Marta, ME 55167-2787','Nam quo et id omnis nihil est eos. Libero minima sunt consequatur consequatur. Asperiores tenetur a maiores eveniet. Consequatur repellendus repudiandae similique sunt ratione nulla ullam.',183,NULL,'2024-11-05 15:47:41','2024-10-21 14:47:42',NULL,5),(4,1,'Voluptatem officiis totam.','2026-01-15','02:04 AM','12:21 AM','90625 Catherine Union Suite 969\nLarsonville, UT 08468','Rerum molestiae est et. Dolorum debitis libero dolorum facere voluptas repudiandae fuga. Ut aperiam labore tenetur illum ut ex. Mollitia est eaque et repudiandae accusamus nulla. Quo beatae repellendus eos amet dolorum molestiae dignissimos. Facere illo occaecati qui aut id dolorem praesentium.',166,NULL,'2024-11-05 15:47:41','2024-10-21 14:47:42',NULL,4),(5,1,'Aut dolores non maxime.','2026-01-15','11:08 PM','07:23 PM','315 Lehner Park\nNorth Rosettaport, MA 88379-2836','Dicta nulla blanditiis maxime ut. Cumque odit rerum itaque sit. Quod autem numquam dolorem quis deleniti reiciendis eaque quae. Nobis repudiandae omnis voluptatum reiciendis. Soluta dignissimos odit nesciunt in ea. Quo rerum magnam est.',469,NULL,'2024-11-05 15:47:41','2024-10-21 14:47:42',NULL,1),(6,1,'Dolorem nobis amet.','2026-01-15','08:40 AM','08:20 AM','3369 Schowalter Bridge Apt. 781\nSouth Zita, NV 84635-7418','Et pariatur dignissimos facilis velit laboriosam commodi saepe. Modi magnam non ullam tempore mollitia sint ea voluptatem. Quaerat aliquam amet et quasi quae et voluptatem. Inventore sit nesciunt sit omnis eum. Molestias aut nostrum soluta est minus odio vitae. Ipsam quae quis nulla impedit.',284,NULL,'2024-11-05 15:47:41','2024-10-21 14:47:42',NULL,1),(7,1,'Eveniet maiores tenetur.','2026-01-15','06:39 PM','10:17 AM','15859 Koss Forest\nJerdeshire, NE 56541','Consequuntur tempore eum nemo architecto sint praesentium. Ipsa asperiores exercitationem laudantium iste. Vero atque unde quas praesentium nisi exercitationem. Blanditiis odio amet unde provident. Eius adipisci dolorem rerum veritatis nihil illo autem. Et corporis quis et qui excepturi.',344,NULL,'2024-11-05 15:47:41','2024-10-21 14:47:42',NULL,1),(8,1,'At in quisquam.','2026-01-15','10:28 AM','03:46 PM','516 Riley Via\nSouth Bryon, MD 38229','At qui temporibus aperiam cum. Accusamus vel aut aut cupiditate veniam. Sit blanditiis dolores totam aut natus eos. Quos enim consequuntur quaerat placeat quos. Pariatur rerum sit voluptatibus tempore dignissimos.',431,NULL,'2024-11-05 15:47:41','2024-10-21 14:47:42',NULL,4),(9,1,'Quis consequatur ea maxime.','2026-01-15','09:40 AM','12:09 PM','939 Cremin Common Apt. 274\nSouth Juneville, NC 55628-0202','Ipsam id unde unde repellat voluptas quia ea. Eligendi architecto et vitae vero eaque voluptas et. Aut omnis laboriosam dolor culpa quas sit. Odio placeat qui aspernatur. Ducimus commodi et assumenda dolores consequatur in id. Deserunt non odit aut ut.',482,NULL,'2024-11-05 15:47:41','2024-10-21 14:47:42',NULL,5),(10,1,'Error totam.','2026-01-15','02:14 PM','06:44 AM','6452 Michale Place\nNorth Hortenseton, TX 46611-0051','Praesentium error non facilis aut perspiciatis. Voluptas aliquid consequatur laudantium et. Animi eius repellat voluptatem quo quo. Reprehenderit et corrupti autem. Qui corrupti quia saepe excepturi.',71,NULL,'2024-11-05 15:47:41','2024-10-21 14:47:42',NULL,4),(12,1,'Quia rerum numquam ad.','2026-01-15','04:00 PM','10:37 AM','796 Rosetta Trail Apt. 352\nBogisichchester, OK 64091-1285','Blanditiis sint culpa magnam. Doloribus laboriosam optio tempora omnis ipsam amet non. Quidem dolores magni ipsum ut reprehenderit alias. Officiis qui aut qui voluptatem nesciunt debitis dolores facere. Adipisci cupiditate iste iste mollitia corrupti numquam ratione quibusdam.',211,NULL,'2024-11-05 15:47:41','2024-10-23 21:02:02',NULL,3),(13,1,'Ab nihil enim facilis.','2026-01-15','05:38 AM','09:04 AM','81136 Boyer Extension Apt. 402\nLake Lera, RI 95198','Quas ut veritatis sapiente eligendi. Dolore recusandae mollitia qui. Expedita consequatur ut ipsa asperiores. Molestias asperiores sed nobis. Voluptatem aut est hic aut corrupti ad optio.',245,NULL,'2024-11-05 15:47:41','2024-10-23 21:02:03',NULL,2),(14,1,'Quia dolorum et.','2026-01-15','11:12 AM','05:44 PM','325 Orie Islands\nUbaldochester, AK 15631-0731','Optio aut consequatur exercitationem a quibusdam aliquam. Adipisci magnam magnam aliquid vel quia nisi. At sint velit earum autem accusantium molestiae commodi. Deleniti voluptas odit quia incidunt beatae ab delectus. Numquam alias consequuntur provident.',450,NULL,'2024-11-05 15:47:41','2024-10-23 21:02:03',NULL,2),(15,1,'Facilis inventore repellat.','2026-01-15','05:01 PM','07:22 AM','17018 Rice Ports\nKaseyburgh, AZ 27640','Eum rem error totam veniam qui repellat in. Saepe aut at ipsam perspiciatis dolores consequatur. Eligendi laudantium expedita commodi. Ducimus quia enim est deleniti architecto.',453,NULL,'2024-11-05 15:47:41','2024-10-23 21:02:03',NULL,2),(16,1,'Labore qui ut.','2026-01-15','12:54 PM','02:21 AM','94056 Orn Radial Suite 687\nEast Careyville, NV 43089','Laborum sed nostrum facere pariatur. Ut deleniti quia fugit beatae. Aperiam est et architecto sapiente asperiores dolorem voluptas. Dignissimos aut eaque voluptatem quos corporis non et. At aperiam est dolore nulla fugit doloremque quibusdam.',389,NULL,'2024-11-05 15:47:41','2024-10-23 21:02:03',NULL,2),(17,1,'Laboriosam voluptatum iusto quos.','2026-01-15','02:02 PM','11:16 AM','5088 Pfannerstill Plaza Suite 998\nLake Leo, WV 15410','Magni ad recusandae nihil nesciunt assumenda doloremque quo magnam. Dolore consequatur eos a officia commodi. Omnis natus minima distinctio cum aliquam quae. Fugiat consequuntur itaque explicabo officiis dolorum enim.',345,NULL,'2024-11-05 15:47:41','2024-10-23 21:02:03',NULL,1),(18,1,'Velit officia quo in.','2026-01-15','11:58 AM','12:23 PM','32304 Zoila Glen\nAnsleyville, SD 90043-2406','Hic dolor nihil recusandae nihil quis suscipit. Ea eum vel atque tempora qui excepturi aut. Cum quaerat labore nostrum quos voluptates repudiandae quia.',348,NULL,'2024-11-05 15:47:41','2024-10-23 21:02:03',NULL,4),(19,1,'Adipisci commodi distinctio nulla.','2026-01-15','09:25 PM','01:49 AM','67555 Lemke Point Suite 216\nNew Montechester, OR 12356','Provident error consequatur animi vel qui et consequatur facere. Assumenda perferendis dolores aut dignissimos tenetur corrupti hic. Dolorem adipisci illum consequuntur facere doloremque debitis. Sed molestiae consequatur est magnam debitis ut. Commodi aut rem officiis ea. Consequatur aut in quas esse eum totam.',54,NULL,'2024-11-05 15:47:41','2024-10-23 21:02:03',NULL,2),(20,1,'Laudantium quo molestiae iure.','2026-01-15','01:12 AM','01:59 PM','2197 Berge Summit Suite 412\nNolanfurt, MT 71462','Omnis provident eligendi cum quia vel tempore molestias non. Eum aliquid praesentium aut libero odio explicabo aut quia. Repudiandae dolorum qui quis sunt eum. Sit vel quae velit nemo quia et autem et. Voluptas possimus itaque sunt mollitia.',324,NULL,'2024-11-05 15:47:41','2024-10-23 21:02:03',NULL,1),(21,1,'Provident tempore rem.','2026-01-15','05:04 PM','07:16 AM','373 Harris Union Apt. 330\nKalishire, KS 72608','Quo ut dolorem inventore voluptas. Ducimus alias dolor dolorum officiis dolor. Qui libero similique qui delectus id fugiat et. Voluptatem nihil est mollitia aut vitae maiores. Voluptas vitae deserunt omnis voluptatum.',125,NULL,'2024-11-05 15:47:41','2024-10-23 21:02:03',NULL,1),(22,2,'adwd','2026-01-15','00:14','12:14','5297 Heller ExtensionsRobertsport, MI 73652','dawdkl',23,'https://www.mckinneytexas.org/562/Events-Festivals','2025-01-08 18:13:19','2025-01-08 18:49:45','2025-01-08 18:49:45',1),(23,2,'Omnis aut lorem culp','2003-04-13','18:46','19:58','Beatae quia similiqu','Ipsa est nemo est e',700,'https://www.necunupiba.net','2025-06-02 21:12:30','2025-06-02 21:12:30',NULL,1);

--
-- Table structure for table `failed_jobs`
--

CREATE TABLE `failed_jobs` (
  `id` bigint(20) unsigned NOT NULL AUTO_INCREMENT,
  `uuid` varchar(255) NOT NULL,
  `connection` text NOT NULL,
  `queue` text NOT NULL,
  `payload` longtext NOT NULL,
  `exception` longtext NOT NULL,
  `failed_at` timestamp NOT NULL DEFAULT current_timestamp(),
  PRIMARY KEY (`id`),
  UNIQUE KEY `failed_jobs_uuid_unique` (`uuid`)
) ENGINE=InnoDB DEFAULT CHARSET=utf8mb4 COLLATE=utf8mb4_unicode_ci;

--
-- Dumping data for table `failed_jobs`
--


--
-- Table structure for table `faqs`
--

CREATE TABLE `faqs` (
  `id` bigint(20) unsigned NOT NULL AUTO_INCREMENT,
  `heading` text DEFAULT NULL,
  `description` text DEFAULT NULL,
  `created_at` timestamp NULL DEFAULT NULL,
  `updated_at` timestamp NULL DEFAULT NULL,
  PRIMARY KEY (`id`)
) ENGINE=InnoDB AUTO_INCREMENT=14 DEFAULT CHARSET=utf8mb4 COLLATE=utf8mb4_unicode_ci;

--
-- Dumping data for table `faqs`
--

INSERT INTO `faqs` VALUES (4,'Lorem Ipsum is simple dummy?','`It is a long established fact that a reader will be distracted by the\r\n    readable content of a page when looking at it\'s layout. The point of\r\n    using lorem ipsum is that it has a more-or-less normal distribution','2024-11-14 22:27:35','2024-11-14 22:27:35'),(5,'how to use','`It is a long established fact that a reader will be distracted by the\r\n    readable content of a page when looking at it\'s layout. The point of\r\n    using lorem ipsum is that it has a more-or-less normal distribution','2024-11-14 22:27:49','2024-11-14 22:27:49'),(6,'Lorem Ipsum is simple dummy?','`It is a long established fact that a reader will be distracted by the\r\n    readable content of a page when looking at it\'s layout. The point of\r\n    using lorem ipsum is that it has a more-or-less normal distribution','2024-11-14 22:27:58','2024-11-14 22:27:58'),(7,'Lorem Ipsum is simple dummy?','`It is a long established fact that a reader will be distracted by the\r\n    readable content of a page when looking at it\'s layout. The point of\r\n    using lorem ipsum is that it has a more-or-less normal distribution','2024-11-14 22:28:08','2024-11-14 22:28:08'),(8,'Lorem Ipsum is simple dummy?','`It is a long established fact that a reader will be distracted by the\r\n    readable content of a page when looking at it\'s layout. The point of\r\n    using lorem ipsum is that it has a more-or-less normal distribution','2024-11-14 22:28:20','2024-11-14 22:28:20'),(9,'Lorem Ipsum is simple dummy?','`It is a long established fact that a reader will be distracted by the\r\n    readable content of a page when looking at it\'s layout. The point of\r\n    using lorem ipsum is that it has a more-or-less normal distribution','2024-11-14 22:28:31','2024-11-14 22:28:31'),(10,'Lorem Ipsum is simple dummy?','`It is a long established fact that a reader will be distracted by the\r\n    readable content of a page when looking at it\'s layout. The point of\r\n    using lorem ipsum is that it has a more-or-less normal distribution`It is a long established fact that a reader will be distracted by the\r\n    readable content of a page when looking at it\'s layout. The point of\r\n    using lorem ipsum is that it has a more-or-less normal distribution`It is a long established fact that a reader will be distracted by the\r\n    readable content of a page when looking at it\'s layout. The point of\r\n    using lorem ipsum is that it has a more-or-less normal distribution`It is a long established fact that a reader will be distracted by the\r\n    readable content of a page when looking at it\'s layout. The point of\r\n    using lorem ipsum is that it has a more-or-less normal distribution','2024-11-14 22:28:44','2024-11-14 22:28:44'),(11,'Lorem Ipsum is simple dummy?','`It is a long established fact that a reader will be distracted by the\r\n    readable content of a page when looking at it\'s layout. The point of\r\n    using lorem ipsum is that it has a more-or-less normal distribution`It is a long established fact that a reader will be distracted by the\r\n    readable content of a page when looking at it\'s layout. The point of\r\n    using lorem ipsum is that it has a more-or-less normal distribution`It is a long established fact that a reader will be distracted by the\r\n    readable content of a page when looking at it\'s layout. The point of\r\n    using lorem ipsum is that it has a more-or-less normal distribution`It is a long established fact that a reader will be distracted by the\r\n    readable content of a page when looking at it\'s layout. The point of\r\n    using lorem ipsum is that it has a more-or-less normal distribution','2024-11-14 22:28:56','2024-11-14 22:28:56'),(12,'test123tess','test12343546546557test','2024-11-15 02:32:37','2024-11-15 02:32:51'),(13,'Unleash Your Potential at PNP Gym','It is a long established fact that a reader will be distracted by the readable content of a page when looking at its layout. The point of using Lorem Ipsum is that it has a more-or-less normal distribution of letters, as opposed to using \'Content here, content here\', making it look like readable English. Many desktop publishing packages and web page editors now use Lorem Ipsum as their default model text, and a search for \'lorem ipsum\' will uncover many web sites still in their infancy. Various versions have evolved over the years, sometimes by accident, sometimes on purpose (injected humour and the like).','2025-06-02 20:46:45','2025-06-02 20:46:45');

--
-- Table structure for table `leadership`
--

CREATE TABLE `leadership` (
  `id` bigint(20) unsigned NOT NULL AUTO_INCREMENT,
  `heading` varchar(255) NOT NULL,
  `description` longtext NOT NULL,
  `created_at` timestamp NULL DEFAULT NULL,
  `updated_at` timestamp NULL DEFAULT NULL,
  PRIMARY KEY (`id`)
) ENGINE=InnoDB DEFAULT CHARSET=utf8mb4 COLLATE=utf8mb4_unicode_ci;

--
-- Dumping data for table `leadership`
--


--
-- Table structure for table `media`
--

CREATE TABLE `media` (
  `id` bigint(20) unsigned NOT NULL AUTO_INCREMENT,
  `model_type` varchar(255) NOT NULL,
  `model_id` bigint(20) unsigned NOT NULL,
  `uuid` char(36) DEFAULT NULL,
  `collection_name` varchar(255) NOT NULL,
  `name` varchar(255) NOT NULL,
  `file_name` varchar(255) NOT NULL,
  `mime_type` varchar(255) DEFAULT NULL,
  `disk` varchar(255) NOT NULL,
  `conversions_disk` varchar(255) DEFAULT NULL,
  `size` bigint(20) unsigned NOT NULL,
  `manipulations` longtext CHARACTER SET utf8mb4 COLLATE utf8mb4_bin NOT NULL CHECK (json_valid(`manipulations`)),
  `custom_properties` longtext CHARACTER SET utf8mb4 COLLATE utf8mb4_bin NOT NULL CHECK (json_valid(`custom_properties`)),
  `generated_conversions` longtext CHARACTER SET utf8mb4 COLLATE utf8mb4_bin NOT NULL CHECK (json_valid(`generated_conversions`)),
  `responsive_images` longtext CHARACTER SET utf8mb4 COLLATE utf8mb4_bin NOT NULL CHECK (json_valid(`responsive_images`)),
  `order_column` int(10) unsigned DEFAULT NULL,
  `created_at` timestamp NULL DEFAULT NULL,
  `updated_at` timestamp NULL DEFAULT NULL,
  PRIMARY KEY (`id`),
  UNIQUE KEY `media_uuid_unique` (`uuid`),
  KEY `media_model_type_model_id_index` (`model_type`,`model_id`),
  KEY `media_order_column_index` (`order_column`)
) ENGINE=InnoDB AUTO_INCREMENT=58 DEFAULT CHARSET=utf8mb4 COLLATE=utf8mb4_unicode_ci;

--
-- Dumping data for table `media`
--

INSERT INTO `media` VALUES (1,'App\\Models\\Event',1,'eee37c8b-40e1-4bde-a8d7-fe9f69593dda','event_image','event','event.jpg','image/jpeg','public','public',3705750,'[]','[]','[]','[]',1,'2024-10-21 19:46:58','2024-10-21 19:46:58'),(2,'App\\Models\\Event',2,'ee7fdfc6-a0b0-4bc9-8b1b-8dde134fb027','event_image','event','event.jpg','image/jpeg','public','public',3705750,'[]','[]','[]','[]',1,'2024-10-21 19:49:26','2024-10-21 19:49:26'),(3,'App\\Models\\Event',3,'021549c6-f8f1-411b-9ad0-3586118f5f26','event_image','event','event.jpg','image/jpeg','public','public',3705750,'[]','[]','[]','[]',1,'2024-10-21 19:53:55','2024-10-21 19:53:55'),(4,'App\\Models\\Event',4,'3bdcecc3-d501-4947-8167-de3c63517cda','event_image','event','event.jpg','image/jpeg','public','public',3705750,'[]','[]','[]','[]',1,'2024-10-21 19:54:19','2024-10-21 19:54:19'),(5,'App\\Models\\Event',5,'547df383-4cbe-4f9c-b405-bbbf80f55251','event_image','event','event.jpg','image/jpeg','public','public',3705750,'[]','[]','[]','[]',1,'2024-10-21 19:54:37','2024-10-21 19:54:37'),(6,'App\\Models\\Event',11,'d9020824-942a-471b-85cd-99b7feb16336','event_image','event','event.jpg','image/jpeg','public','public',3705750,'[]','[]','[]','[]',1,'2024-10-21 19:56:51','2024-10-21 19:56:51'),(8,'App\\Models\\Event',12,'c86ae9b9-b00b-4b34-a79f-538022ae1392','event_image','event','event.jpg','image/jpeg','public','public',3705750,'[]','[]','[]','[]',1,'2024-10-23 21:02:03','2024-10-23 21:02:03'),(9,'App\\Models\\Event',13,'4f6262c1-ec56-44f3-9524-5042393171e2','event_image','event','event.jpg','image/jpeg','public','public',3705750,'[]','[]','[]','[]',1,'2024-10-23 21:02:03','2024-10-23 21:02:03'),(10,'App\\Models\\Event',14,'a6927aa9-9b94-4260-8d10-e77777b29b43','event_image','event','event.jpg','image/jpeg','public','public',3705750,'[]','[]','[]','[]',1,'2024-10-23 21:02:03','2024-10-23 21:02:03'),(11,'App\\Models\\Event',15,'cd019842-b053-4e34-ae2d-93f40a052fa6','event_image','event','event.jpg','image/jpeg','public','public',3705750,'[]','[]','[]','[]',1,'2024-10-23 21:02:03','2024-10-23 21:02:03'),(12,'App\\Models\\Event',16,'4e19259e-ef0d-487f-95c4-0142a1eb1a7f','event_image','event','event.jpg','image/jpeg','public','public',3705750,'[]','[]','[]','[]',1,'2024-10-23 21:02:03','2024-10-23 21:02:03'),(13,'App\\Models\\Event',17,'faaef137-9dc0-43c3-9e9a-19f37086ed4f','event_image','event','event.jpg','image/jpeg','public','public',3705750,'[]','[]','[]','[]',1,'2024-10-23 21:02:03','2024-10-23 21:02:03'),(14,'App\\Models\\Event',18,'f79a99f8-03d1-4ea3-a4b4-15ce85e2ddf5','event_image','event','event.jpg','image/jpeg','public','public',3705750,'[]','[]','[]','[]',1,'2024-10-23 21:02:03','2024-10-23 21:02:03'),(15,'App\\Models\\Event',19,'e0ea956d-9c68-4b7d-bc04-2d8549994034','event_image','event','event.jpg','image/jpeg','public','public',3705750,'[]','[]','[]','[]',1,'2024-10-23 21:02:03','2024-10-23 21:02:03'),(16,'App\\Models\\Event',20,'a4a3ec61-8fe8-451f-8dd1-afbe89b1073d','event_image','event','event.jpg','image/jpeg','public','public',3705750,'[]','[]','[]','[]',1,'2024-10-23 21:02:03','2024-10-23 21:02:03'),(17,'App\\Models\\Event',21,'ae074bbf-368e-4232-b686-2efd692b98d2','event_image','event','event.jpg','image/jpeg','public','public',3705750,'[]','[]','[]','[]',1,'2024-10-23 21:02:03','2024-10-23 21:02:03'),(20,'App\\Models\\Sermon',1,'f6d259be-b082-44ce-9710-08dcd6504a4f','media','sermon-audio1','sermon-audio1.mp3','audio/mpeg','public','public',1951530,'[]','[]','[]','[]',1,'2024-10-25 22:35:47','2024-10-25 22:35:47'),(21,'App\\Models\\Sermon',2,'7e1623ae-4d11-436d-918c-38a1feb9431c','media','sermon-audio2','sermon-audio2.mp3','audio/mpeg','public','public',1868324,'[]','[]','[]','[]',1,'2024-10-25 22:35:47','2024-10-25 22:35:47'),(22,'App\\Models\\Sermon',3,'215af4d8-fce3-4097-b45b-b8b6e9d1560a','media','sermon-audio3','sermon-audio3.mp3','audio/mpeg','public','public',217600,'[]','[]','[]','[]',1,'2024-10-25 22:35:47','2024-10-25 22:35:47'),(23,'App\\Models\\Sermon',16,'330844ea-f113-4712-a48f-91531a15bcdd','media','sermon-audio1','sermon-audio1.mp3','audio/mpeg','public','public',1951530,'[]','[]','[]','[]',1,'2024-10-28 20:45:17','2024-10-28 20:45:17'),(24,'App\\Models\\Sermon',17,'991d2e60-29fd-4a1a-b451-484e8fe571ab','media','sermon-audio2','sermon-audio2.mp3','audio/mpeg','public','public',1868324,'[]','[]','[]','[]',1,'2024-10-28 20:45:17','2024-10-28 20:45:17'),(25,'App\\Models\\Sermon',18,'39839890-7e65-4cfc-9cb6-9a0c4e974089','media','sermon-audio3','sermon-audio3.mp3','audio/mpeg','public','public',217600,'[]','[]','[]','[]',1,'2024-10-28 20:45:17','2024-10-28 20:45:17'),(26,'App\\Models\\Sermon',19,'19ac6249-25d1-4c7a-a0f6-d6d9acbaa9ff','media','sermon-audio1','sermon-audio1.mp3','audio/mpeg','public','public',1951530,'[]','[]','[]','[]',1,'2024-10-28 20:45:51','2024-10-28 20:45:51'),(27,'App\\Models\\Sermon',20,'bcb437e9-0973-4388-9b65-e075db5f64a6','media','sermon-audio2','sermon-audio2.mp3','audio/mpeg','public','public',1868324,'[]','[]','[]','[]',1,'2024-10-28 20:45:51','2024-10-28 20:45:51'),(28,'App\\Models\\Sermon',21,'749519ab-ba5c-4462-99d1-6925ef7b76cd','media','sermon-audio3','sermon-audio3.mp3','audio/mpeg','public','public',217600,'[]','[]','[]','[]',1,'2024-10-28 20:45:51','2024-10-28 20:45:51'),(29,'App\\Models\\Sermon',22,'ffed7aa0-4277-4118-8919-0323fe246675','media','sermon-audio1','sermon-audio1.mp3','audio/mpeg','public','public',1951530,'[]','[]','[]','[]',1,'2024-10-28 20:46:12','2024-10-28 20:46:12'),(30,'App\\Models\\Sermon',23,'6d73cc9a-17a6-411d-82e9-a27864429b57','media','sermon-audio2','sermon-audio2.mp3','audio/mpeg','public','public',1868324,'[]','[]','[]','[]',1,'2024-10-28 20:46:12','2024-10-28 20:46:12'),(31,'App\\Models\\Sermon',24,'2f14b100-77dc-40a4-82d6-819ec129b869','media','sermon-audio3','sermon-audio3.mp3','audio/mpeg','public','public',217600,'[]','[]','[]','[]',1,'2024-10-28 20:46:12','2024-10-28 20:46:12'),(32,'App\\Models\\User',4,'33c76fc3-9122-4b21-8446-27442cb2d8f5','images','images','images.jpeg','image/jpeg','public','public',4796,'[]','[]','[]','[]',1,'2024-10-28 22:31:53','2024-10-28 22:31:53'),(35,'App\\Models\\User',11,'ee80809b-6e46-4192-addd-477244ee921f','images','aboutimg','aboutimg.png','image/png','public','public',249745,'[]','[]','[]','[]',1,'2024-10-31 21:04:57','2024-10-31 21:04:57'),(36,'App\\Models\\User',2,'79927dc7-8bf2-47eb-9031-13ed8f17d990','images','user1','user1.webp','image/webp','public','public',7102,'[]','[]','[]','[]',1,'2024-11-14 01:11:47','2024-11-14 01:11:47'),(37,'App\\Models\\User',15,'364a9ad6-54eb-44e8-afe9-444a49b46a80','images','592C063E-2FE9-4167-9AC9-7A9FB9BFCF7B','592C063E-2FE9-4167-9AC9-7A9FB9BFCF7B.png','image/png','public','public',8389,'[]','[]','[]','[]',1,'2024-11-15 05:04:55','2024-11-15 05:04:55'),(38,'App\\Models\\User',8,'d1083eca-ffdf-46f7-b736-31d9e59d9068','images','A32571E7-BE5B-4547-829A-6D2475121AE1','A32571E7-BE5B-4547-829A-6D2475121AE1.png','image/png','public','public',8389,'[]','[]','[]','[]',1,'2024-11-20 02:28:28','2024-11-20 02:28:28'),(39,'App\\Models\\Page',1,'7839325e-4d68-4e38-aa63-64723489cc5b','story_image','226','226.jpg','image/jpeg','public','public',188656,'[]','[]','[]','[]',1,'2025-01-27 16:05:32','2025-01-27 16:05:32'),(40,'App\\Models\\Page',1,'6c264926-95b1-4118-bf8a-2a2d6dbd8bdd','story_image1','228','228.jpg','image/jpeg','public','public',179228,'[]','[]','[]','[]',2,'2025-01-27 16:05:32','2025-01-27 16:05:32'),(41,'App\\Models\\Page',3,'2529446a-7d5c-44c2-955a-2a466f125bc0','story_image','f1','f1.jpg','image/jpeg','public','public',99786,'[]','[]','[]','[]',1,'2025-01-27 16:06:27','2025-01-27 16:06:27'),(42,'App\\Models\\Page',4,'5cb491f8-4bf3-44c7-a66b-55aebc356f38','story_image','111','111.png','image/png','public','public',364915,'[]','[]','[]','[]',1,'2025-01-27 16:06:51','2025-01-27 16:06:51'),(43,'App\\Models\\Page',5,'96c49309-1516-4a1e-a57a-45be6c94bf89','story_image','yaf-revival','yaf-revival.jpg','image/jpeg','public','public',246705,'[]','[]','[]','[]',1,'2025-01-27 16:07:10','2025-01-27 16:07:10'),(44,'App\\Models\\Page',6,'dabee160-6565-45dc-b3fd-dc4cf0116806','story_image','childrens-church','childrens-church.jpg','image/jpeg','public','public',136180,'[]','[]','[]','[]',1,'2025-01-27 16:07:27','2025-01-27 16:07:27'),(45,'App\\Models\\Page',7,'e2f52dea-84bf-4686-aec1-cd3c7f9fa88f','story_image','xcvv-d','xcvv-d.png','image/png','public','public',174457,'[]','[]','[]','[]',1,'2025-01-27 16:07:43','2025-01-27 16:07:43'),(46,'App\\Models\\Page',8,'a446cdb5-1bd5-4ed7-80b6-760aba6b55f7','story_image','backlit-cemetery-christianity-clouds-415571-scaled-1-1300x731','backlit-cemetery-christianity-clouds-415571-scaled-1-1300x731.jpg','image/jpeg','public','public',40157,'[]','[]','[]','[]',1,'2025-01-27 16:08:05','2025-01-27 16:08:05'),(47,'App\\Models\\Page',10,'d1f8a162-c91b-48ac-96e1-e1c444e8cdfc','story_image','MembershipPage_Responsibility-1214x800','MembershipPage_Responsibility-1214x800.jpg','image/jpeg','public','public',149033,'[]','[]','[]','[]',1,'2025-01-27 16:08:46','2025-01-27 16:08:46'),(48,'App\\Models\\Page',10,'88a08e8a-6f58-4a38-82ee-5b94044e922a','story_image1','1655323551_8-priroda-club-p-ruki-k-nebu-priroda-krasivo-foto-9','1655323551_8-priroda-club-p-ruki-k-nebu-priroda-krasivo-foto-9.jpg','image/jpeg','public','public',121227,'[]','[]','[]','[]',2,'2025-01-27 16:08:46','2025-01-27 16:08:46'),(49,'App\\Models\\Page',12,'3c341acc-a934-48cd-8cc5-d161df4e2fda','story_image','111','111.png','image/png','public','public',364915,'[]','[]','[]','[]',1,'2025-01-27 16:46:54','2025-01-27 16:46:54'),(50,'App\\Models\\User',18,'efcd6e88-2c02-473c-8f7e-776d134f4e5a','images','8F5BC1C5-331D-4723-A3AF-6F5398945E9A','8F5BC1C5-331D-4723-A3AF-6F5398945E9A.jpg','image/jpeg','public','public',716924,'[]','[]','[]','[]',1,'2025-02-27 21:48:03','2025-02-27 21:48:03'),(51,'App\\Models\\User',7,'cf923c32-514b-4099-9f42-fa94b9d78f20','images','059C6C4F-B98C-478E-B105-0379EB36B353','059C6C4F-B98C-478E-B105-0379EB36B353.jpg','image/jpeg','public','public',4126146,'[]','[]','[]','[]',1,'2025-05-28 17:51:04','2025-05-28 17:51:04'),(52,'App\\Models\\User',23,'2819aba5-3572-4ca6-bf72-10c7275cac46','images','1000006898','1000006898.jpg','image/jpeg','public','public',277367,'[]','[]','[]','[]',1,'2025-06-03 02:16:55','2025-06-03 02:16:55'),(53,'App\\Models\\Page',13,'ade95d79-646e-46cc-b2ca-ac66e2c4b927','story_image','f1','f1.jpg','image/jpeg','public','public',99786,'[]','[]','[]','[]',1,'2025-06-04 22:24:01','2025-06-04 22:24:01'),(56,'App\\Models\\User',6,'2495cc73-add8-4ad6-939e-101a6e69a1f6','images','1000030704','1000030704.jpg','image/jpeg','public','public',3002761,'[]','[]','[]','[]',1,'2025-09-30 17:05:12','2025-09-30 17:05:12'),(57,'App\\Models\\User',26,'e95d1bcb-1830-4baa-b280-1ec4dacfe68d','images','1000308265','1000308265.jpg','image/jpeg','public','public',2169926,'[]','[]','[]','[]',1,'2025-10-01 17:23:11','2025-10-01 17:23:11');

--
-- Table structure for table `migrations`
--

CREATE TABLE `migrations` (
  `id` int(10) unsigned NOT NULL AUTO_INCREMENT,
  `migration` varchar(255) NOT NULL,
  `batch` int(11) NOT NULL,
  PRIMARY KEY (`id`)
) ENGINE=InnoDB AUTO_INCREMENT=35 DEFAULT CHARSET=utf8mb4 COLLATE=utf8mb4_unicode_ci;

--
-- Dumping data for table `migrations`
--

INSERT INTO `migrations` VALUES (1,'2014_10_12_000000_create_users_table',1),(2,'2014_10_12_100000_create_password_resets_table',1),(3,'2019_08_19_000000_create_failed_jobs_table',1),(4,'2019_12_14_000001_create_personal_access_tokens_table',1),(5,'2024_10_16_165215_create_permission_tables',1),(6,'2024_10_16_173505_add_soft_deletes_column_in_users_table',1),(7,'2024_10_16_180244_alter_users_table',1),(8,'2024_10_16_193044_create_media_table',1),(9,'2024_10_17_200340_create_events_table',1),(10,'2024_10_18_223200_create_event_book_marks_table',1),(11,'2024_10_18_225143_add_deleted_at_colume_in_events_table',1),(12,'2024_10_21_135549_create_categories_table',2),(13,'2024_10_21_141718_add_category_id_colume_in_events_table',2),(14,'2024_10_23_153211_create_event_participants_table',3),(15,'2024_10_24_182428_alter_users_table',4),(16,'2024_10_25_170235_create_sermons_table',5),(17,'2024_10_28_160953_add_link_colume_in_sermons_table',6),(18,'2024_10_28_173035_create_polls_table',7),(19,'2024_10_28_173053_create_poll_options_table',7),(20,'2024_10_28_173102_create_poll_responses_table',7),(21,'2024_10_29_171710_create_chats_table',8),(22,'2024_10_29_171724_create_chat_messages_table',8),(23,'2024_11_12_220347_create_faqs_table',9),(24,'2024_11_13_201728_add_new_column_in_polls_table',10),(25,'2024_12_03_170949_create_books_table',11),(26,'2024_12_09_203807_create_prayer_requests_table',11),(27,'2025_01_02_220826_add_new_columns_in_prayer_requests',11),(28,'2025_01_08_010802_add_external_url_to_events_table',11),(29,'2023_12_19_185524_create_pages_table',12),(30,'2025_01_24_213921_create_what_we_believe_faqs_table',12),(31,'2024_10_15_205356_create_states_table',13),(32,'2025_01_29_000517_create_leadership_table',13),(33,'2025_01_29_003025_create_youth_a_fire_table',13),(34,'2025_05_16_225634_add_new_columns_in_users',13);

--
-- Table structure for table `model_has_permissions`
--

CREATE TABLE `model_has_permissions` (
  `permission_id` bigint(20) unsigned NOT NULL,
  `model_type` varchar(255) NOT NULL,
  `model_id` bigint(20) unsigned NOT NULL,
  PRIMARY KEY (`permission_id`,`model_id`,`model_type`),
  KEY `model_has_permissions_model_id_model_type_index` (`model_id`,`model_type`),
  CONSTRAINT `model_has_permissions_permission_id_foreign` FOREIGN KEY (`permission_id`) REFERENCES `permissions` (`id`) ON DELETE CASCADE
) ENGINE=InnoDB DEFAULT CHARSET=utf8mb4 COLLATE=utf8mb4_unicode_ci;

--
-- Dumping data for table `model_has_permissions`
--


--
-- Table structure for table `model_has_roles`
--

CREATE TABLE `model_has_roles` (
  `role_id` bigint(20) unsigned NOT NULL,
  `model_type` varchar(255) NOT NULL,
  `model_id` bigint(20) unsigned NOT NULL,
  PRIMARY KEY (`role_id`,`model_id`,`model_type`),
  KEY `model_has_roles_model_id_model_type_index` (`model_id`,`model_type`),
  CONSTRAINT `model_has_roles_role_id_foreign` FOREIGN KEY (`role_id`) REFERENCES `roles` (`id`) ON DELETE CASCADE
) ENGINE=InnoDB DEFAULT CHARSET=utf8mb4 COLLATE=utf8mb4_unicode_ci;

--
-- Dumping data for table `model_has_roles`
--

INSERT INTO `model_has_roles` VALUES (1,'App\\Models\\User',2),(1,'App\\Models\\User',25),(1,'AppModelsUser',25),(2,'App\\Models\\User',3),(2,'App\\Models\\User',4),(2,'App\\Models\\User',5),(2,'App\\Models\\User',6),(2,'App\\Models\\User',7),(2,'App\\Models\\User',8),(2,'App\\Models\\User',9),(2,'App\\Models\\User',10),(2,'App\\Models\\User',11),(2,'App\\Models\\User',12),(2,'App\\Models\\User',13),(2,'App\\Models\\User',14),(2,'App\\Models\\User',15),(2,'App\\Models\\User',16),(2,'App\\Models\\User',17),(2,'App\\Models\\User',18),(2,'App\\Models\\User',19),(2,'App\\Models\\User',20),(2,'App\\Models\\User',21),(2,'App\\Models\\User',22),(2,'App\\Models\\User',23),(2,'App\\Models\\User',26);

--
-- Table structure for table `pages`
--

CREATE TABLE `pages` (
  `id` bigint(20) unsigned NOT NULL AUTO_INCREMENT,
  `name` varchar(255) NOT NULL,
  `slug` varchar(255) DEFAULT NULL,
  `content` longtext CHARACTER SET utf8mb4 COLLATE utf8mb4_bin NOT NULL CHECK (json_valid(`content`)),
  `meta_title` varchar(255) DEFAULT NULL,
  `meta_description` varchar(255) DEFAULT NULL,
  `meta_keywords` varchar(255) DEFAULT NULL,
  `created_at` timestamp NULL DEFAULT NULL,
  `updated_at` timestamp NULL DEFAULT NULL,
  PRIMARY KEY (`id`)
) ENGINE=InnoDB AUTO_INCREMENT=17 DEFAULT CHARSET=utf8mb4 COLLATE=utf8mb4_unicode_ci;

--
-- Dumping data for table `pages`
--

INSERT INTO `pages` VALUES (1,'Leadership','leadership','{\"media_collections\":[\"story_image\",\"story_image1\"],\"slug\":\"leadership\",\"banner_heading\":\"Leadership\",\"sto1_heading\":\"LEADERSHIP\",\"sto1_description1\":\"Kingdom Generals, and Revivalists are but a few titles which embody the character and anointing which rests on the lives of Senior Pastors, Apostle Dr. Edison, and Prophetess Dr. Mattie Nottage. Drs. Nottage, who have been called to the Kingdom for such a time as this have made it their life\\u2019s mission to depopulate hell and populate heaven. Armed with a passion for souls, a mandate to rescue youth and families, an assignment to disciple the body of Christ, and a mantle for the apostolic, prophetic, and deliverance, Apostle Edison and Prophetess Mattie Nottage established Believers Faith Outreach Ministries International in July of 2000 in beautiful Nassau, Bahamas. This one seed has since blossomed into three additional, thriving global ministries in South Florida, Texas, and Virginia, USA, and counting.\",\"sto1_description2\":\"Both Drs. Nottage are prolific preachers and teachers of the word of God, with demonstrations and signs following. Under their unique ministry, documented testimonies abound of deliverance, breakthrough, financial restoration, and healing from all manner of sickness and diseases such as Cancer, fibroids, lumps, tumors, deafness and so much more. The fiery anointing on their lives is so undeniable and profound that their Ministry has birthed, what is known today as a powerful prayer altar of fire and fire revivals. Apostle Edison and Prophetess Mattie Nottage continue to take this FIRE Revival around the globe and have preached and prophesied around the nations, including Ireland, Brazil, Africa, The Netherlands, throughout the United States of America, and The Caribbean.. Drs. Nottage have founded several organizations which are presently transforming lives everywhere. Some of which are: The Fire Revival Conferences, The Mending The Marriage Ministry, the \\u201cWhen Lions Roar\\u201d Men\\u2019s Ministry, the Youth In Action Group, Boys II Men Club, Girls of Excellence Club, Youth Back To The Cross Ministry, and The Global Dominion Network. Additionally, they have established Believers Faith Christian Academy and Prophetess Nottage is the Chancellor of The Mattie Nottage School of Ministry. Moreover, Apostle Edison and Prophetess Mattie Nottage are Gospel Recording Artists and bestselling Authors of powerful books including, \\u201cBreaking The Chains, From Worship to Warfare\\u201d, \\u201cI Still Want You-The Call To A Deeper Place\\u201d, \\u201cI Refuse To Die\\u201d, \\u201cEncountering the God of Fire\\u201d, \\u201cDon\\u2019t Quit, Get Back In The Fight!\\u201d and many other titles.\",\"sto1_description3\":\"Drs. Edison and Mattie Nottage are a powerful yet humble, anointed, dynamic, tag team duo, gifted and mantled as God\\u2019s Glory Carriers.\"}',NULL,NULL,NULL,'2025-01-27 16:05:32','2025-06-02 19:40:53'),(5,'Youth A Fire','youth-a-fire','{\"banner_heading\":\"Youth-A-Fire\",\"sto1_heading\":\"Youth-A-Fire\",\"sto1_description1\":\"\\u201cDon\\u2019t let anyone look down on you because you are young, but set an example for the believers in speech, in conduct, in love, in faith, and in purity.\\u201d \\u2013 1 Timothy 4:12-\",\"sto1_description2\":\"Believers Faith Outreach Ministries International\\u2019s Ministry of \\u201cYouth on Fire\\u201d is based on the belief that young people are essential to the church\\u2019s and society\\u2019s future. The church is committed to nurturing young people\\u2019s faith and helping them become community leaders.\",\"sto1_description3\":\"Christianity teaches that young people have a special place in the church and that they should be encouraged to live a life that reflects their faith. The Ministry of \\u201cYouth on Fire\\u201d at Believers Faith Outreach Ministries International is rooted in biblical teachings that emphasize the importance of investing in young people\\u2019s spiritual growth and development. The church believes that through this Ministry, young people can discover their purpose, develop their talents, and positively impact the world.\"}',NULL,NULL,NULL,'2025-01-27 16:07:10','2025-01-27 16:07:10'),(6,'Kingdom Kids','kingdom-kids','{\"banner_heading\":\"Kingdom Kids\",\"sto1_heading\":\"Kingdom Kids\",\"sto1_description1\":\"\\u201cTrain up a child in the way he should go, and when he is old, he will not depart from it.\\u201d \\u2013 Proverbs 22:6- Our Kingdom Kids Ministry provides a nurturing and Christ-centered environment for children to learn about God\\u2019s love and teachings. The Ministry aims to instill biblical values, principles, and doctrines into young minds, fostering a foundation of faith that will guide them through life. The church believes that children are a gift from God and should be given the opportunity to learn about God\\u2019s love and plan for their lives. In our Kingdom Kids Ministry, we utilize age-appropriate teaching methods, such as storytelling, songs, and games, to make learning about Christianity fun and engaging for children. Believers Faith Outreach Ministries International is committed to raising up a generation of believers who will impact the world with the love of Christ. Through outreach events and mission trips, children learn the importance of sharing God\\u2019s love with others and serving the needs of their communities.\"}',NULL,NULL,NULL,'2025-01-27 16:07:27','2025-01-27 16:07:27'),(7,'Follow Up & Counseling','follow-up-&-counseling','{\"banner_heading\":\"Follow Up & Counseling\",\"sto1_heading\":\"Follow-up and Counseling\",\"sto1_description1\":\"\\u201cBear one another\\u2019s burdens, and so fulfill the law of Christ.\\u201d \\u2013 Galatians 6:2-\",\"sto1_description2\":\"Our Follow-up and Counseling Ministry aims to provide ongoing support and care to members and visitors. The Ministry believes that the journey of faith is not a solo endeavor, and everyone needs guidance and encouragement to grow in their relationship with God.\",\"sto1_description3\":\"The Follow-up and Counseling Ministry at Believers Faith Outreach Ministries International embodies this spirit of compassion and empathy by providing personalized care and guidance to those who are struggling. The Ministry is committed to walking alongside individuals and families, offering hope and healing through the power of God\\u2019s grace.\",\"sto1_description4\":\"The Follow-up and Counseling Ministry provides personalized care and support for individuals and families through one-on-one counseling, prayer, and mentorship programs.\",\"sto1_description5\":\"The Ministry is committed to helping people overcome challenges, heal, grow, and develop a deeper understanding of God\\u2019s love and purpose for their lives. Believers Faith Outreach Ministries International is dedicated to building a strong and supportive community of believers who can journey together in faith.\"}',NULL,NULL,NULL,'2025-01-27 16:07:43','2025-01-27 16:07:43'),(8,'Evangelism & Salvation','evangelism-&-salvation','{\"banner_heading\":\"Evangelism & Salvation\",\"sto1_heading\":\"Evangelism & Salvation\",\"sto1_description1\":\"\\u201cAnd he said to them, \\u2018Go into all the world and proclaim the gospel to the whole creation.\\u2014 \\u2013 Mark 16:15-\",\"sto1_description2\":\"Evangelism & Salvation Ministry\\u2019s mission is to share the gospel of Jesus Christ and lead people to salvation. The church believes that salvation is a free gift from God and is available to all who confess and believe in Jesus Christ as their Lord and Savior.\",\"sto1_description3\":\"The Evangelism & Salvation Ministry is dedicated to spreading the message of God\\u2019s love and grace to people from all walks of life, regardless of their background or circumstances. The Ministry uses various methods, including street evangelism, community outreach, and discipleship programs, to help people encounter God and decide to follow Him. Believers Faith Outreach Ministries International is committed to fulfilling the Great Commission of Jesus Christ to make disciples of all nations.\",\"sto1_description4\":\"The Ministry provides opportunities for people to hear the gospel, ask questions, and receive prayer and guidance as they consider their decision to follow Christ\",\"btn_text\":\"Your Invitation to Salvation\"}',NULL,NULL,NULL,'2025-01-27 16:08:05','2025-01-27 16:08:05'),(9,'Member Services','member-service','{\"banner_heading\":\"Member Services\",\"form-heading\":\"Global Member Service\",\"form_btn_text\":\"SUBMIT\"}',NULL,NULL,NULL,'2025-01-27 16:08:23','2025-01-27 16:08:23'),(10,'Become a Member','become-a-member','{\"media_collections\":[\"story_image\",\"story_image1\"],\"slug\":\"become-a-member\",\"banner_heading\":\"Become a Member\",\"sto1_main_heading\":\"Come and Grow with us!\",\"sto1_heading\":\"We welcome you to become a BFOMI GLOBAL MEMBER\",\"sto1_description_heading\":\"Why Believers Faith Outreach Ministries?\",\"sto1_description1\":\"Believers Faith Outreach Ministries is a dynamic and vibrant community of believers who are passionate about breaking through barriers of tradition to identify, train, and empower other believers to reach their fullest potential through the Word of God and the work of the ministry. As a member of Believers Faith Outreach Ministries, you will have the opportunity to be part of a global apostolic-prophetic kingdom ministry that operates all around the world.\",\"sto1_description2\":\"Through our fivefold giftings of the Apostle, Prophet, Evangelist, Pastor, and Teacher, we provide a holistic approach to spiritual growth and development. As a member, you will have access to teachings and resources that will equip you to revolutionize the nations of the earth. Our ministry is dedicated to empowering believers to discover and fulfil their unique calling and purpose in life.\",\"sto2_description_heading\":\"Let Us Help You Replenish Your Soul\",\"sto2_description1\":\"Joining Believers Faith Outreach Ministries is an opportunity to be part of a community of like-minded individuals who are committed to living out their faith in a tangible and impactful way. You will have the chance to build meaningful relationships with other members, receive support and encouragement, and contribute to our mission of spreading the gospel of Jesus Christ.\",\"sto2_description2\":\"As a member, you will also have exclusive access to events, conferences, and training programs that will deepen your understanding of the Word of God and equip you for effective ministry. Whether you are a seasoned believer or just starting on your journey of faith, there is a place for you at Believers Faith Outreach Ministries.\",\"btn_text\":\"To Become A Member\"}',NULL,NULL,NULL,'2025-01-27 16:08:46','2025-01-30 17:40:22'),(12,'Care Foundation','care-foundation','{\"banner_heading\":\"Care Foundation\",\"sto1_heading\":\"Care Foundation\",\"sto1_description1\":\"\\u201cReligion that God our Father accepts as pure and faultless is this: to look after orphans and widows in their distress and to keep oneself from being polluted by the world.\\u201d \\u2013 James 1:27-The care foundation operated by Believers Faith Outreach Ministries International embodies the Christian belief in serving the less fortunate. The foundation is committed to reaching out to marginalized members of society and providing them with the support they need. Our foundation offers various programs and services to help those in need, such as food assistance, medical aid, and education support.\",\"sto1_description3\":\"Care foundation emphasizes the importance of compassion, kindness, and generosity and serves as a platform to reach out and make a difference in the lives of those in need. We believe that through this Ministry, people can make a tangible difference in society as a whole and spread the love of Christ to those around them.\"}',NULL,NULL,NULL,'2025-01-27 16:46:54','2025-01-27 16:46:54'),(13,'Mission','mission','{\"banner_heading\":\"Mission\",\"sto1_heading\":\"Our Mission\",\"sto1_description1\":\"Believers Faith Outreach Ministries is an apostolic-prophetic, kingdom ministry that operates all around the world under the fivefold giftings of the Apostle, Prophet, Evangelist, Pastor, and Teacher to break through barriers of tradition to identify, train, and empower believers to discover their fullest potential through the Word of God, the work of the Ministry; becoming equipped to revolutionize the Nations of the earth.\",\"sto2_heading\":\"Primary Vision\",\"sto2_description2\":\"Believers Faith Outreach Ministries\\u2019 primary vision is to save souls for the Kingdom of God, reaching the youth and families of our nation through practical Ministry and training. To preach, teach and spread the un-compromised Gospel of Jesus Christ. To advance the Christian faith lifestyle of the Kingdom, empowering believers to achieve their maximum potential in Christ.\",\"sto2_description3\":\"Believers Faith Outreach Ministries further seek to equip kingdom Saints to walk by faith and to experience the supernatural manifestation of the things of God. To give visible form by the demonstration of the supernatural power of God through miracles, signs, and wonders to that faith and fellowship to what God has called his people.\",\"sto2_description4\":\"To, in every way possible, promote the spiritual, financial, physical, and psychological welfare of believers throughout the nation and to provide education through various seminars and conferences.\"}',NULL,NULL,NULL,'2025-06-04 22:24:01','2025-06-04 22:24:01'),(14,'What We Believe','what-we-believe','{\"banner_heading\":\"What We Believe\",\"sto1_heading\":\"What We Believe\",\"sto1_description1\":\"Believers Faith Outreach Ministries, International (BFOMI) is a non-profit, non-denominational Kingdom-oriented 21st-century Ministry established in July 2000 to service the spiritual needs of people everywhere. The mission of BFOMI is to preach the message of Jesus Christ to a dying world while establishing BFOMI Global Centers all around the world.\",\"sto1_descriptio2\":\"Our Kingdom was established to preach and advance the Kingdom of God here on Earth; by preaching the good news of Jesus Christ and bringing souls into Divine fellowship with the spirit of God.\"}',NULL,NULL,NULL,'2025-06-04 22:24:14','2025-06-04 22:24:14'),(15,'Volunteer','volunteer','{\"banner_heading\":\"Volunteer\",\"sto1_heading\":\"We love volunteers! they are a critical component to BFOMI Global. . . .\",\"sto1_description1\":\"serving meals, working at BFOMI Global, leading chapel, and more. We offer a high-impact volunteer program for individuals who want to serve on a regular basis, as well as one-time and group opportunities.\",\"sto1_description2\":\"To get your self registered for our volunteer program please submit this form.\",\"form-heading\":\"Global Volunteer\",\"form_btn_text\":\"SUBMIT\"}',NULL,NULL,NULL,'2025-06-04 22:24:30','2025-06-04 22:24:30'),(16,'Privacy Policy','privacy-policy','{\"media_collections\":[\"story_image\"],\"slug\":\"privacy-policy\",\"banner_heading\":\"Privacy Policy\",\"banner_description\":\"<p>This Privacy Policy describes how Believers Faith Outreach Ministries International collects, uses, and shares your personal information when you visit our website. We are committed to protecting your privacy and ensuring the security of your information. Please read this policy carefully. Using our website, you consent to the practices described in this Privacy Policy. &nbsp;<br>If you have any questions or concerns regarding our Privacy Policy, please don\'t hesitate to contact us. &nbsp;<br>&nbsp; &nbsp;1. Information We Collect<br>We collect different types of information depending on your interaction with our website:<br>&nbsp; &nbsp;\\u2022 Information You Provide Directly:<br>&nbsp; &nbsp; &nbsp; &nbsp;\\u25e6 When you contact us (e.g., via email or contact form), we may collect your name, email address, phone number, the content of your message, and any attachments you provide.<br>&nbsp; &nbsp; &nbsp; &nbsp;\\u25e6 When you register for an account, we may collect your name, company name (if applicable), address, email address, phone number, and other relevant details required for registration.<br>&nbsp; &nbsp; &nbsp; &nbsp;\\u25e6 If you purchase or engage in other transactions on our website, we may collect payment information and details necessary to process your transaction.<br>&nbsp; &nbsp; &nbsp; &nbsp;\\u25e6 We will collect your email address if you subscribe to our newsletter or opt in to receive marketing communications.<br>&nbsp; &nbsp; &nbsp; &nbsp;\\u25e6 We may collect your contact information and responses if you participate in surveys or promotions.<br>&nbsp; &nbsp;\\u2022 Information Collected Automatically:<br>&nbsp; &nbsp; &nbsp; &nbsp;\\u25e6 Log Files: Like most websites, our servers automatically record certain information when you access our website. This information may include your IP address, browser type, internet service provider (ISP), referring and exit pages, operating system, date and time stamp, and clickstream data. This information helps us analyze trends, administer the site, track user movement, and gather broad demographic information. &nbsp;<br>&nbsp; &nbsp; &nbsp; &nbsp;\\u25e6 Cookies and Similar Technologies: We use cookies, web beacons, and similar technologies to enhance your browsing experience, personalize content, analyze website traffic, and understand how you interact with our website. Cookies are small text files stored on your computer or mobile device. You can control the use of cookies at the individual browser level.&nbsp;<br>&nbsp; &nbsp;\\u2022 Information from Third Parties:<br>&nbsp; &nbsp; &nbsp; &nbsp;\\u25e6 We may receive information about you from third-party sources, such as analytics providers, advertising networks, and social media platforms (if you interact with our social media integrations). &nbsp;<br>&nbsp; &nbsp;2. How We Use Your Information<br>We use the information we collect for various purposes, including:<br>&nbsp; &nbsp;\\u2022 Providing and Improving Our Services:<br>&nbsp; &nbsp; &nbsp; &nbsp;\\u25e6 To operate, maintain, and improve our website and its features. &nbsp;<br>&nbsp; &nbsp; &nbsp; &nbsp;\\u25e6 To personalize your experience on our website and tailor content to your interests.<br>&nbsp; &nbsp; &nbsp; &nbsp;\\u25e6 To develop new products, services, features, and functionality.<br>&nbsp; &nbsp; &nbsp; &nbsp;\\u25e6 To provide customer support and respond to your inquiries.<br>&nbsp; &nbsp; &nbsp; &nbsp;\\u25e6 To process transactions and fulfill your requests.<br>&nbsp; &nbsp;\\u2022 Communication and Marketing:<br>&nbsp; &nbsp; &nbsp; &nbsp;\\u25e6 To communicate with you directly or through our partners for customer service, updates, and other information related to our website.<br>&nbsp; &nbsp; &nbsp; &nbsp;\\u25e6 To send you marketing and promotional communications about our products, services, and offers that may interest you (where you have provided consent or as otherwise permitted by law). You can opt out of receiving these communications at any time.<br>&nbsp; &nbsp; &nbsp; &nbsp;\\u25e6 To administer surveys, contests, and promotions.<br>&nbsp; &nbsp;\\u2022 Analytics and Optimization:<br>&nbsp; &nbsp; &nbsp; &nbsp;\\u25e6 To understand and analyze how you use our website, identify trends, and measure the effectiveness of our content and advertising.<br>&nbsp; &nbsp; &nbsp; &nbsp;\\u25e6 To monitor and analyze website traffic and usage patterns.<br>&nbsp; &nbsp;\\u2022 Security and Fraud Prevention:<br>&nbsp; &nbsp; &nbsp; &nbsp;\\u25e6 To detect, prevent, and address technical issues, security breaches, and fraudulent activities.<br>&nbsp; &nbsp; &nbsp; &nbsp;\\u25e6 To protect the integrity and security of our website and our users.<br>&nbsp; &nbsp;\\u2022 Legal Compliance:<br>&nbsp; &nbsp; &nbsp; &nbsp;\\u25e6 To comply with applicable laws, regulations, legal processes, or government requests.<br>&nbsp; &nbsp;3. Sharing Your Information<br>We may share your personal information with the following categories of recipients:<br>&nbsp; &nbsp;\\u2022 Service Providers: We may share your information with third-party service providers who assist us in operating our website, conducting our business, or providing services to you (e.g., hosting, analytics, payment processing, email marketing, customer support). These service providers are contractually obligated to protect your information and use it only for the purposes we disclose to them. &nbsp;<br>&nbsp; &nbsp;\\u2022 Business Partners: We may share your information with business partners to offer certain products, services, or promotions. &nbsp;<br>&nbsp; &nbsp;\\u2022 Advertising Partners: We may share certain information with advertising partners to deliver targeted advertising and measure the effectiveness of our advertising campaigns.<br>&nbsp; &nbsp;\\u2022 Affiliates: We may share your information with our affiliates or subsidiaries for internal business purposes.<br>&nbsp; &nbsp;\\u2022 Legal Authorities: We may disclose your information to law enforcement agencies, government authorities, or other third parties if required by law or legal process or if we believe in good faith that such disclosure is necessary to protect our rights, property, or safety, or the rights, property, or safety of others. &nbsp;<br>&nbsp; &nbsp;\\u2022 Business Transfers: In the event of a merger, acquisition, reorganization, sale of assets, or other business transaction, your information may be transferred to the acquiring entity or other third party involved. &nbsp;<br>&nbsp; &nbsp;4. Your Rights and Choices<br>Depending on your location and applicable laws, you may have certain rights regarding your personal information, including: &nbsp;<br>&nbsp; &nbsp;\\u2022 Access: The right to request access to the personal information we hold about you. &nbsp;<br>&nbsp; &nbsp;\\u2022 Rectification: The right to request that we correct any inaccurate or incomplete personal information.<br>&nbsp; &nbsp;\\u2022 Erasure: The right to request the deletion of your personal information under certain circumstances. &nbsp;<br>&nbsp; &nbsp;\\u2022 Restriction of Processing: The right to request that we restrict processing your personal information under certain circumstances.<br>&nbsp; &nbsp;\\u2022 Objection to Processing: The right to object to processing your personal information for certain purposes, such as direct marketing.<br>&nbsp; &nbsp;\\u2022 Data Portability: The right to receive personal information in a structured, commonly used, and machine-readable format and transmit it to another controller. &nbsp;<br>&nbsp; &nbsp;\\u2022 Withdrawal of Consent: If we are processing your personal information based on your consent, you may withdraw it at any time. &nbsp;<br>Rights under CCPA (for California Residents):<br>&nbsp; &nbsp;\\u2022 Right to Know: You have the right to request information about the categories and specific pieces of personal information we have collected about you, the sources of the information, the purposes for collecting it, and the categories of third parties with whom we share it. &nbsp;<br>&nbsp; &nbsp; &nbsp; &nbsp;\\u25e6 Right to Delete: You have the right to request the deletion of your personal information, subject to certain exceptions. &nbsp;<br>&nbsp; &nbsp; &nbsp; &nbsp;\\u25e6 Right to Opt-Out of Sale: You have the right to opt out of the sale of your personal information. Believers Faith Outreach Ministries International does not currently \\\"sell\\\" personal information as defined under the CCPA. &nbsp;<br>&nbsp; &nbsp;\\u2022 Rights under GDPR (for Individuals in the European Economic Area): Please refer to the \\\"GDPR Data Protection Rights\\\" section below for more details.<br>To exercise these rights, please contact us. We will respond to your request within the timeframes required by applicable law. We may need to verify your identity before processing your request.<br>5. Data Security<br>We implement reasonable security measures to protect your personal information from unauthorized access, use, disclosure, alteration, or destruction. However, no method of transmission over the Internet or electronic storage is completely secure, and we cannot guarantee absolute security. &nbsp;<br>6. Data Retention &nbsp;<br>We will retain your personal information for as long as necessary to fulfill the purposes outlined in this Privacy Policy unless a longer retention period is required or permitted by law. &nbsp;<br>7. Children\'s Privacy<br>Our website is not intended for children under [Specify Age, e.g., 13]. We do not knowingly collect personal information from children under the age of 13. If you believe that your child has provided us with personal information, please contact us immediately, and we will take steps to remove that information from our records. &nbsp;<br>8. Third-Party Websites and Services<br>Our website may contain links to third-party websites or services we do not operate. We are not responsible for the privacy practices of these third-party websites. We encourage you to review their privacy policies before providing any personal information. &nbsp;<br>9. Updates to this Privacy Policy<br>We reserve the right to update this Privacy Policy from time to time to reflect changes in our practices or applicable laws. We will post any changes on this page. We encourage you to review this Privacy Policy periodically. Your continued use of our website after these modifications are posted constitutes your acceptance of the updated Privacy Policy. &nbsp;<\\/p><p><br>Terms and Conditions<\\/p><p>Welcome to the Believers Faith Outreach Ministries International website. These terms and conditions govern your use of our website. By accessing and using this website, you accept and agree to be bound by these terms and conditions in full. If you disagree with these terms and conditions, you must not use our website. &nbsp;<br>&nbsp; &nbsp;1. Definitions<br>&nbsp; &nbsp;\\u2022 \\\"Client,\\\" \\\"You,\\\" and \\\"Your\\\" refer to you, the user who accesses this website and agrees to comply with these terms and conditions.<br>&nbsp; &nbsp;\\u2022 \\\"The Company, \\\"Ourselves,\\\" \\\"We,\\\" \\\"Our,\\\" and \\\"Us\\\" refer to Believers Faith Outreach Ministries International.<br>&nbsp; &nbsp;\\u2022 \\\"Party,\\\" \\\"Parties,\\\" or \\\"Us\\\" refers to both the Client and ourselves.<br>&nbsp; &nbsp;\\u2022 \\\"Website\\\" refers to the Believers Faith Outreach Ministries International website.<br>&nbsp; &nbsp;\\u2022 \\\"Content\\\" refers to any text, graphics, images, audio, video, software, data, and other materials available on the Website.<br>&nbsp; &nbsp;2. Acceptance of Terms<br>By accessing this Website, you acknowledge that you have read, understood, and agree to be bound by these Terms and Conditions, our Privacy Policy, and any other policies or guidelines posted on our Website. &nbsp;<br>&nbsp; &nbsp;3. Use of the Website<br>You agree to use the Website only for lawful purposes and in a manner that does not infringe the rights of, restrict, or inhibit anyone else\'s use and enjoyment of the Website. You must not: &nbsp;<br>&nbsp; &nbsp;\\u2022 Use the Website in any illegal, fraudulent, or harmful way. &nbsp;<br>&nbsp; &nbsp;\\u2022 Attempt to gain unauthorized access to any part of the Website, its servers, or any connected networks.<br>&nbsp; &nbsp;\\u2022 Interfere with or disrupt the website\'s operation or the servers and networks used to make the Website available.<br>&nbsp; &nbsp;\\u2022 Transmit any viruses, malware, or other harmful code.<br>&nbsp; &nbsp;\\u2022 Collect or harvest any personally identifiable information from other website users without their consent. &nbsp;<br>&nbsp; &nbsp;\\u2022 Use any data mining, robots, or similar data gathering and extraction tools on the Website.<br>&nbsp; &nbsp;4. Intellectual Property Rights<br>Unless otherwise stated, Believers Faith Outreach Ministries International and its licensors own the intellectual property rights for all materials on the Website, including, but not limited to, text, graphics, logos, images, videos, and software. All intellectual property rights are reserved. &nbsp;<br>You are granted a limited, non-exclusive, revocable license to access and use the Website for your personal, non-commercial use, subject to the restrictions outlined in these Terms and Conditions. &nbsp;<br>You must not:<br>&nbsp; &nbsp;\\u2022 Republish material from the Website without our express written consent.<br>&nbsp; &nbsp;\\u2022 Sell, rent, or sub-license material from the Website.<br>&nbsp; &nbsp;\\u2022 Reproduce, duplicate, or copy material from the Website for commercial purposes.<br>&nbsp; &nbsp;\\u2022 Redistribute content from the Website, except for content specifically and expressly made available for redistribution.<br>&nbsp; &nbsp;\\u2022 Modify or create derivative works based on the Content.<br>&nbsp; &nbsp;5. User-generated content (if applicable)<br>Parts of this Website may allow users to post, submit, or share content (\\\"User-Generated Content\\\"). By posting User-Generated Content, you grant Believers Faith Outreach Ministries International a non-exclusive, royalty-free, perpetual, irrevocable, and fully sublicensable right to use, reproduce, modify, adapt, publish, translate, create derivative works from, distribute, and display such User-Generated Content throughout the world in any media.<br>You represent and warrant that you have all necessary rights to the User-Generated Content you post and that such content does not violate these Terms and Conditions, applicable laws, or the rights of any third party. &nbsp;<br>Believers Faith Outreach Ministries International reserves the right to monitor, edit, or remove any User-Generated Content at its sole discretion, without notice and for any reason. Believers Faith Outreach Ministries International is not responsible for any User-Generated Content posted by users.<br>&nbsp; &nbsp;6. Hyperlinking to Our Content<br>The following types of organizations may link to our Website without prior written approval:<br>&nbsp; &nbsp;\\u2022 Government agencies<br>&nbsp; &nbsp;\\u2022 Search engines<br>&nbsp; &nbsp;\\u2022 News organizations<br>&nbsp; &nbsp;\\u2022 Online directory distributors (in the same manner as they hyperlink to the websites of other listed businesses)<br>&nbsp; &nbsp;\\u2022 System-wide Accredited Businesses (except soliciting non-profit organizations, charity shopping malls, and charity fundraising groups) &nbsp;<br>These organizations may link to our home page, publications, or other Website information provided that the link (a) is not deceptive; (b) does not falsely imply sponsorship, endorsement, or approval of the linking party and its products or services; and (c) fits within the context of the linking party\'s site. &nbsp;<br>We may consider and approve other link requests from certain types of organizations. If you want to link to our Website, please contact us with the required information.<br>Approved organizations may hyperlink to our Website using our corporate name, the uniform resource locator (URL) being linked to, or any other description of our Website that makes sense within the context and format of content on the linking party\'s site. Using our logo or other artwork for linking is prohibited without a trademark license agreement.<br>&nbsp; &nbsp;7. iFrames<br>Without our prior written approval, you may not create frames around our web pages or use other techniques that alter the visual presentation or appearance of our website.<br>&nbsp; &nbsp;8. Content Liability<br>We shall not be held responsible for any content on your website if you link to ours. You agree to protect and defend us against all claims arising from or based on your website. No link(s) should appear on any website that may be interpreted as libelous, obscene, or criminal or infringes, otherwise violates, or advocates the infringement or other violation of any third-party rights.<br>&nbsp; &nbsp;9. Disclaimer of Warranties<br>THE WEBSITE AND ITS CONTENT ARE PROVIDED ON AN \\\"AS IS\\\" AND \\\"AS AVAILABLE\\\" BASIS WITHOUT ANY WARRANTIES OF ANY KIND, EXPRESS OR IMPLIED, INCLUDING BUT NOT LIMITED TO WARRANTIES OF MERCHANTABILITY, FITNESS FOR A PARTICULAR PURPOSE, NON-INFRINGEMENT, AND ACCURACY. &nbsp;<br>Believers Faith Outreach Ministries International DOES NOT WARRANT THAT THE WEBSITE WILL BE UNINTERRUPTED, ERROR-FREE, SECURE, OR FREE OF VIRUSES OR OTHER HARMFUL COMPONENTS. WE DO NOT WARRANT THE ACCURACY, COMPLETENESS, OR RELIABILITY OF ANY CONTENT ON THE WEBSITE. YOUR USE OF THE WEBSITE IS AT YOUR SOLE RISK. &nbsp;<br>&nbsp; &nbsp;10. Limitation of Liability<br>TO THE MAXIMUM EXTENT PERMITTED BY APPLICABLE LAW, IN NO EVENT SHALL Believers Faith Outreach Ministries International, ITS AFFILIATES, OFFICERS, DIRECTORS, EMPLOYEES, AGENTS, OR LICENSORS BE LIABLE FOR ANY INDIRECT, CONSEQUENTIAL, INCIDENTAL, SPECIAL, PUNITIVE, OR EXEMPLARY DAMAGES, INCLUDING BUT NOT LIMITED TO DAMAGES FOR LOSS OF PROFITS, GOODWILL, USE, DATA, OR OTHER INTANGIBLE LOSSES, ARISING OUT OF OR RELATING TO YOUR USE OF OR INABILITY TO USE THE WEBSITE OR ITS CONTENT, EVEN IF WE HAVE BEEN ADVISED OF THE POSSIBILITY OF SUCH DAMAGES. &nbsp;<br>OUR TOTAL LIABILITY TO YOU FOR ALL CLAIMS ARISING OUT OF OR RELATING TO THESE TERMS AND CONDITIONS OR YOUR USE OF THE WEBSITE SHALL NOT EXCEED [Specify a Monetary Limit, e.g., FIFTY UNITED STATES DOLLARS ($50)]. &nbsp;<br>&nbsp; &nbsp;11. Indemnification<br>You agree to indemnify, defend, and hold harmless Believers Faith Outreach Ministries International, its affiliates, officers, directors, employees, agents, and licensors from and against any claims, liabilities, damages, losses, costs, expenses, or fees (including reasonable attorneys\' fees) arising out of or relating to your breach of these Terms and Conditions, your use of the Website, or your violation of any rights of a third party. &nbsp;<br>&nbsp; &nbsp;12. Governing Law and Jurisdiction<br>These Terms and Conditions shall be governed by and construed in accordance with the laws of the jurisdiction without regard to its conflict of law provisions. You agree to submit to the exclusive jurisdiction of the courts to resolve any disputes arising out of or relating to these Terms and Conditions or your use of the Website. &nbsp;<br>&nbsp; &nbsp;13. Modifications to Terms and Conditions &nbsp;<br>Believers Faith Outreach Ministries International reserves the right to modify or revise these Terms and Conditions without notice. By continuing to use the Website after any such changes take effect, you agree to be bound by the revised Terms and Conditions. You must review these Terms and Conditions periodically for any updates. &nbsp;<br>&nbsp; &nbsp;14. Entire Agreement<br>These Terms and Conditions, together with our Privacy Policy and any other legal notices or policies published on the Website, constitute the entire agreement between you and Believers Faith Outreach Ministries International concerning your use of the Website and supersede all prior or contemporaneous communications and proposals, whether oral or written. &nbsp;<br>&nbsp; &nbsp;15. Contact Us<br>Please contact us with any questions or concerns about these Terms and Conditions.<\\/p>\"}',NULL,NULL,NULL,'2025-06-17 00:44:00','2025-06-17 17:39:19');

--
-- Table structure for table `permissions`
--

CREATE TABLE `permissions` (
  `id` bigint(20) unsigned NOT NULL AUTO_INCREMENT,
  `name` varchar(255) NOT NULL,
  `guard_name` varchar(255) NOT NULL,
  `created_at` timestamp NULL DEFAULT NULL,
  `updated_at` timestamp NULL DEFAULT NULL,
  PRIMARY KEY (`id`),
  UNIQUE KEY `permissions_name_guard_name_unique` (`name`,`guard_name`)
) ENGINE=InnoDB DEFAULT CHARSET=utf8mb4 COLLATE=utf8mb4_unicode_ci;

--
-- Dumping data for table `permissions`
--


--
-- Table structure for table `poll_options`
--

CREATE TABLE `poll_options` (
  `id` bigint(20) unsigned NOT NULL AUTO_INCREMENT,
  `poll_id` bigint(20) unsigned NOT NULL,
  `option_text` longtext DEFAULT NULL,
  `votes_count` int(11) NOT NULL DEFAULT 0,
  `created_at` timestamp NULL DEFAULT NULL,
  `updated_at` timestamp NULL DEFAULT NULL,
  PRIMARY KEY (`id`),
  KEY `poll_options_poll_id_foreign` (`poll_id`),
  CONSTRAINT `poll_options_poll_id_foreign` FOREIGN KEY (`poll_id`) REFERENCES `polls` (`id`) ON DELETE CASCADE
) ENGINE=InnoDB AUTO_INCREMENT=49 DEFAULT CHARSET=utf8mb4 COLLATE=utf8mb4_unicode_ci;

--
-- Dumping data for table `poll_options`
--

INSERT INTO `poll_options` VALUES (1,1,'Nihil totam error iusto.',3,'2024-10-28 23:14:38','2024-10-29 22:41:36'),(2,1,'Quam aut ea tenetur in.',1,'2024-10-28 23:14:38','2024-10-28 23:19:50'),(3,1,'Qui laboriosam voluptatibus.',0,'2024-10-28 23:14:38','2024-10-28 23:14:38'),(4,1,'Ut consequatur omnis.',0,'2024-10-28 23:14:38','2024-10-28 23:14:38'),(5,2,'Perspiciatis est doloremque.',0,'2024-10-28 23:14:38','2024-10-28 23:14:38'),(6,2,'Iusto autem itaque temporibus.',0,'2024-10-28 23:14:38','2024-10-28 23:14:38'),(7,2,'Sit iusto quae ullam.',0,'2024-10-28 23:14:38','2024-10-28 23:14:38'),(8,2,'Laboriosam odio hic qui blanditiis.',2,'2024-10-28 23:14:38','2024-10-29 01:32:58'),(9,3,'Eum at dolor veniam.',0,'2024-10-28 23:14:38','2024-10-28 23:14:38'),(10,3,'Adipisci consequatur.',1,'2024-10-28 23:14:38','2024-10-29 01:31:35'),(11,3,'Quaerat tempore et.',0,'2024-10-28 23:14:38','2024-10-28 23:14:38'),(12,3,'Eos sed et.',1,'2024-10-28 23:14:38','2024-11-02 03:39:02'),(13,4,'Id et sint aut.',0,'2024-10-28 23:14:38','2024-10-28 23:14:38'),(14,4,'Laborum cumque aperiam.',0,'2024-10-28 23:14:38','2024-10-28 23:14:38'),(15,4,'Maxime minus sed.',0,'2024-10-28 23:14:38','2024-10-28 23:14:38'),(16,4,'Recusandae dicta eius.',0,'2024-10-28 23:14:38','2024-10-28 23:14:38'),(17,5,'Et perferendis architecto.',0,'2024-10-28 23:14:38','2024-10-28 23:14:38'),(18,5,'Non est.',0,'2024-10-28 23:14:38','2024-10-28 23:14:38'),(19,5,'Nesciunt veniam amet.',0,'2024-10-28 23:14:38','2024-10-28 23:14:38'),(20,5,'Dicta accusamus quaerat quo.',1,'2024-10-28 23:14:38','2024-11-02 03:34:33'),(21,6,'Et sit est blanditiis.',0,'2024-10-28 23:14:38','2024-10-28 23:14:38'),(22,6,'Et amet.',0,'2024-10-28 23:14:38','2024-10-28 23:14:38'),(23,6,'Non expedita sint.',0,'2024-10-28 23:14:38','2024-10-28 23:14:38'),(24,6,'Rerum ea vel.',1,'2024-10-28 23:14:38','2024-11-02 03:34:37'),(25,7,'Veniam iure accusantium.',0,'2024-10-28 23:14:38','2024-10-28 23:14:38'),(26,7,'Doloribus tenetur eveniet.',0,'2024-10-28 23:14:38','2024-10-28 23:14:38'),(27,7,'Pariatur voluptas expedita.',1,'2024-10-28 23:14:38','2024-11-15 02:18:58'),(28,7,'Facere dolores quod deserunt.',1,'2024-10-28 23:14:38','2024-11-15 02:18:58'),(29,8,'Nulla expedita ex velit.',0,'2024-10-28 23:14:38','2024-10-28 23:14:38'),(30,8,'Quam sit sed.',0,'2024-10-28 23:14:38','2024-10-28 23:14:38'),(31,8,'Dicta architecto dolores explicabo.',0,'2024-10-28 23:14:38','2024-10-28 23:14:38'),(32,8,'Et minus quas.',0,'2024-10-28 23:14:38','2024-10-28 23:14:38'),(33,9,'Eveniet in optio.',0,'2024-10-28 23:14:38','2024-10-28 23:14:38'),(34,9,'Sed voluptatem voluptas nihil.',0,'2024-10-28 23:14:38','2024-10-28 23:14:38'),(35,9,'Maiores sunt consequatur quaerat eum.',0,'2024-10-28 23:14:38','2024-10-28 23:14:38'),(36,9,'Ad tempore quisquam.',0,'2024-10-28 23:14:38','2024-10-28 23:14:38'),(37,10,'Beatae aspernatur blanditiis fugit.',0,'2024-10-28 23:14:38','2024-10-28 23:14:38'),(38,10,'Aliquam voluptate omnis possimus.',0,'2024-10-28 23:14:38','2024-10-28 23:14:38'),(39,10,'Id magni laborum exercitationem.',0,'2024-10-28 23:14:38','2024-10-28 23:14:38'),(40,10,'Molestiae officia eveniet.',0,'2024-10-28 23:14:38','2024-10-28 23:14:38'),(41,11,'Minima eveniet voluptate qui.',0,'2024-10-28 23:14:38','2024-10-28 23:14:38'),(42,11,'Suscipit perferendis provident aut aut.',0,'2024-10-28 23:14:38','2024-10-28 23:14:38'),(43,11,'Qui voluptatem sit aut.',0,'2024-10-28 23:14:38','2024-10-28 23:14:38'),(44,11,'Debitis deleniti provident.',0,'2024-10-28 23:14:38','2024-10-28 23:14:38'),(45,12,'Et explicabo dolorem magnam eum.',0,'2024-10-28 23:14:38','2024-10-28 23:14:38'),(46,12,'Dolore et cum dolore.',0,'2024-10-28 23:14:38','2024-10-28 23:14:38'),(47,12,'Incidunt ullam qui qui.',0,'2024-10-28 23:14:38','2024-10-28 23:14:38'),(48,12,'Eos incidunt ducimus.',0,'2024-10-28 23:14:38','2024-10-28 23:14:38');

--
-- Table structure for table `poll_responses`
--

CREATE TABLE `poll_responses` (
  `id` bigint(20) unsigned NOT NULL AUTO_INCREMENT,
  `user_id` bigint(20) unsigned NOT NULL,
  `poll_id` bigint(20) unsigned NOT NULL,
  `option_id` bigint(20) unsigned NOT NULL,
  `created_at` timestamp NULL DEFAULT NULL,
  `updated_at` timestamp NULL DEFAULT NULL,
  PRIMARY KEY (`id`),
  KEY `poll_responses_user_id_foreign` (`user_id`),
  KEY `poll_responses_poll_id_foreign` (`poll_id`),
  KEY `poll_responses_option_id_foreign` (`option_id`),
  CONSTRAINT `poll_responses_option_id_foreign` FOREIGN KEY (`option_id`) REFERENCES `poll_options` (`id`) ON DELETE CASCADE,
  CONSTRAINT `poll_responses_poll_id_foreign` FOREIGN KEY (`poll_id`) REFERENCES `polls` (`id`) ON DELETE CASCADE,
  CONSTRAINT `poll_responses_user_id_foreign` FOREIGN KEY (`user_id`) REFERENCES `users` (`id`) ON DELETE CASCADE
) ENGINE=InnoDB AUTO_INCREMENT=13 DEFAULT CHARSET=utf8mb4 COLLATE=utf8mb4_unicode_ci;

--
-- Dumping data for table `poll_responses`
--

INSERT INTO `poll_responses` VALUES (1,4,1,1,'2024-10-28 23:15:58','2024-10-28 23:15:58'),(2,4,1,2,'2024-10-28 23:19:50','2024-10-28 23:19:50'),(3,6,1,1,'2024-10-29 00:35:42','2024-10-29 00:35:42'),(4,6,2,8,'2024-10-29 01:23:36','2024-10-29 01:23:36'),(5,6,3,10,'2024-10-29 01:31:35','2024-10-29 01:31:35'),(6,9,2,8,'2024-10-29 01:32:58','2024-10-29 01:32:58'),(7,10,1,1,'2024-10-29 22:41:36','2024-10-29 22:41:36'),(8,12,5,20,'2024-11-02 03:34:33','2024-11-02 03:34:33'),(9,12,6,24,'2024-11-02 03:34:37','2024-11-02 03:34:37'),(10,12,3,12,'2024-11-02 03:39:02','2024-11-02 03:39:02'),(11,6,7,28,'2024-11-15 02:18:58','2024-11-15 02:18:58'),(12,6,7,27,'2024-11-15 02:18:58','2024-11-15 02:18:58');

--
-- Table structure for table `polls`
--

CREATE TABLE `polls` (
  `id` bigint(20) unsigned NOT NULL AUTO_INCREMENT,
  `question` longtext DEFAULT NULL,
  `created_at` timestamp NULL DEFAULT NULL,
  `updated_at` timestamp NULL DEFAULT NULL,
  `user_id` bigint(20) unsigned DEFAULT NULL,
  PRIMARY KEY (`id`)
) ENGINE=InnoDB AUTO_INCREMENT=13 DEFAULT CHARSET=utf8mb4 COLLATE=utf8mb4_unicode_ci;

--
-- Dumping data for table `polls`
--

INSERT INTO `polls` VALUES (1,'Est qui laudantium iure incidunt pariatur.','2024-10-28 23:14:38','2024-10-28 23:14:38',2),(2,'Aspernatur animi esse non itaque unde maxime.','2024-10-28 23:14:38','2024-10-28 23:14:38',2),(3,'Est quam vel nisi et deleniti nostrum maiores.','2024-10-28 23:14:38','2024-10-28 23:14:38',2),(4,'Rerum dolores qui et.','2024-10-28 23:14:38','2024-10-28 23:14:38',2),(5,'Officia vitae eos quia cum.','2024-10-28 23:14:38','2024-10-28 23:14:38',2),(6,'Molestiae placeat sint sit.','2024-10-28 23:14:38','2024-10-28 23:14:38',2),(7,'Et error et nesciunt voluptatum omnis minus harum.','2024-10-28 23:14:38','2024-10-28 23:14:38',2),(8,'Consequatur sed qui et ad quibusdam.','2024-10-28 23:14:38','2024-10-28 23:14:38',2),(9,'Beatae et id amet voluptas et.','2024-10-28 23:14:38','2024-10-28 23:14:38',2),(10,'Voluptas earum vel ut vel consequatur sed.','2024-10-28 23:14:38','2024-10-28 23:14:38',2),(11,'Quae minus voluptatem corrupti ipsa in sapiente.','2024-10-28 23:14:38','2024-10-28 23:14:38',2),(12,'Dicta commodi alias ad at temporibus.','2024-10-28 23:14:38','2024-10-28 23:14:38',2);

--
-- Table structure for table `prayer_requests`
--

CREATE TABLE `prayer_requests` (
  `id` bigint(20) unsigned NOT NULL AUTO_INCREMENT,
  `user_id` varchar(255) DEFAULT NULL,
  `phone_no` varchar(255) DEFAULT NULL,
  `message` varchar(255) DEFAULT NULL,
  `created_at` timestamp NULL DEFAULT NULL,
  `updated_at` timestamp NULL DEFAULT NULL,
  `name` varchar(255) DEFAULT NULL,
  `email` varchar(255) DEFAULT NULL,
  PRIMARY KEY (`id`)
) ENGINE=InnoDB AUTO_INCREMENT=5 DEFAULT CHARSET=utf8mb4 COLLATE=utf8mb4_unicode_ci;

--
-- Dumping data for table `prayer_requests`
--

INSERT INTO `prayer_requests` VALUES (1,'7','123412','Qerqwafvxzv43s','2025-05-29 16:18:46','2025-05-29 16:18:46','Test Test','Test@test.com'),(2,'7','1234576','Vhzhsusuhsusu','2025-05-29 19:27:01','2025-05-29 19:27:01','Test Test','test11@test.com'),(3,'23','255886996688','Hello','2025-06-03 02:14:34','2025-06-03 02:14:34','Alex Rob','Alex@alex.com'),(4,'6','643486494','Hsidbdkdkkd','2025-09-30 16:51:07','2025-09-30 16:51:07','Hsidhdjjd Hduudjdjjdd','Test@test.com');

--
-- Table structure for table `role_has_permissions`
--

CREATE TABLE `role_has_permissions` (
  `permission_id` bigint(20) unsigned NOT NULL,
  `role_id` bigint(20) unsigned NOT NULL,
  PRIMARY KEY (`permission_id`,`role_id`),
  KEY `role_has_permissions_role_id_foreign` (`role_id`),
  CONSTRAINT `role_has_permissions_permission_id_foreign` FOREIGN KEY (`permission_id`) REFERENCES `permissions` (`id`) ON DELETE CASCADE,
  CONSTRAINT `role_has_permissions_role_id_foreign` FOREIGN KEY (`role_id`) REFERENCES `roles` (`id`) ON DELETE CASCADE
) ENGINE=InnoDB DEFAULT CHARSET=utf8mb4 COLLATE=utf8mb4_unicode_ci;

--
-- Dumping data for table `role_has_permissions`
--


--
-- Table structure for table `roles`
--

CREATE TABLE `roles` (
  `id` bigint(20) unsigned NOT NULL AUTO_INCREMENT,
  `name` varchar(255) NOT NULL,
  `guard_name` varchar(255) NOT NULL,
  `created_at` timestamp NULL DEFAULT NULL,
  `updated_at` timestamp NULL DEFAULT NULL,
  PRIMARY KEY (`id`),
  UNIQUE KEY `roles_name_guard_name_unique` (`name`,`guard_name`)
) ENGINE=InnoDB AUTO_INCREMENT=3 DEFAULT CHARSET=utf8mb4 COLLATE=utf8mb4_unicode_ci;

--
-- Dumping data for table `roles`
--

INSERT INTO `roles` VALUES (1,'admin','web','2024-10-21 19:36:01','2024-10-21 19:36:01'),(2,'user','web','2024-10-21 19:36:01','2024-10-21 19:36:01');

--
-- Table structure for table `sermons`
--

CREATE TABLE `sermons` (
  `id` bigint(20) unsigned NOT NULL AUTO_INCREMENT,
  `title` varchar(255) DEFAULT NULL,
  `media_type` varchar(255) DEFAULT NULL,
  `created_at` timestamp NULL DEFAULT NULL,
  `updated_at` timestamp NULL DEFAULT NULL,
  `link` longtext DEFAULT NULL,
  PRIMARY KEY (`id`)
) ENGINE=InnoDB AUTO_INCREMENT=42 DEFAULT CHARSET=utf8mb4 COLLATE=utf8mb4_unicode_ci;

--
-- Dumping data for table `sermons`
--

INSERT INTO `sermons` VALUES (1,'GOD IS SUPERNATURALLY TURNING EVERYTHING AROUND | PROPHETESS MATTIE NOTTAGE','video','2025-02-27 16:55:39','2025-02-27 16:55:39','https://www.youtube.com/live/Wry-6Xf-Pgs?si=Ok2rAfuCiF_wxbcG'),(2,'COMMANDING YOUR DAYS-EVERY CLOSED DOOR SHALL OPEN BECAUSE OF THIS... | PROPHETESS MATTIE NOTTAGE','video','2025-02-27 16:55:39','2025-02-27 16:55:39','https://www.youtube.com/live/ZJf7Zt-PlOw?si=KfiiMTsdif0q9pT0'),(3,'GOD IS ELEVATING YOU ABOVE YOUR ENEMIES | PROPHETESS MATTIE NOTTAGE','video','2025-02-27 16:55:39','2025-02-27 16:55:39','https://www.youtube.com/live/CqMJ-Aiozt8?si=Htd21gRa-7y4V5S7'),(4,'PROPHETIC TRAINING IN PRAYER, SPIRITUAL-WARFARE & INTERCESSION','video','2025-02-27 16:55:39','2025-02-27 16:55:39','https://youtu.be/shFKU3JAuMY?si=wNKAVlR6V_1-WYmq'),(5,'VICTORY OVER WITCHCRAFT & EVIL COVENANTS! PT. 2 | PROPHETESS MATTIE NOTTAGE','video','2025-02-27 16:55:39','2025-02-27 16:55:39','https://www.youtube.com/live/HORLWGs1KK8?si=ycn-tF4V02pV3wY_'),(6,'DREAMS, VISIONS & THE PRESENCE OF GOD! | PROPHETESS MATTIE NOTTAGE','video','2025-02-27 16:55:39','2025-02-27 16:55:39','https://www.youtube.com/live/Hctt09UGgGk?si=3nUxgVrd8EBMBNJ8'),(7,'I PROPHECY YOUR TIME OF VICTORY IS NOW | PROPHETESS MATTIE NOTTAGE','video','2025-02-27 16:55:39','2025-02-27 16:55:39','https://youtu.be/2SFobLbMKyU?si=4wQuXRB4yMnStXYE'),(8,'MASTER TRAINING: PROPHETIC PRAYER & SPIRITUAL WARFARE','video','2025-02-27 16:55:39','2025-02-27 16:55:39','https://youtu.be/0LHongB23fs?si=G0VVxjCvng-HZoI5'),(9,'SPIRITUAL TRANSFORMATION by PERSISTANT PRAYER | APOSTLE EDISON & PROPHETESS MATTIE NOTTAGE','video','2025-02-27 16:55:39','2025-02-27 16:55:39','https://www.youtube.com/live/COdDTNjQ2Gc?si=5PLxquKlJhOourbn'),(10,'STRATEGIC PRAYER TRAINING & SPIRITUAL WARFARE TACTICS REVEALED','video','2025-02-27 16:55:39','2025-02-27 16:55:39','https://youtu.be/otTgQUkSFA4?si=hLiXcdpIC-lXbJBB'),(11,'HOW TO ACCESS THE SUPERNATURAL REALM THROUGH PRAYER | PROPHETESS MATTIE NOTTAGE','video','2025-02-27 16:55:39','2025-02-27 16:55:39','https://www.youtube.com/live/t8c9T3dcth8?si=Pk49LCVHECnuShUk'),(12,'POWER OVER THE EVIL POWERS OF YOUR ENEMY!!! | PROPHETESS MATTIE NOTTAGE','video','2025-02-27 16:55:39','2025-02-27 16:55:39','https://www.youtube.com/live/nad8WpmijZk?si=PK2wwp5siORj1kju'),(13,'PRAYER POWER SHIFTS YOU TO YOUR NEXT LEVEL | PROPHETESS MATTIE NOTTAGE','video','2025-02-27 16:55:39','2025-02-27 16:55:39','https://www.youtube.com/live/d1zKhYuCLd8?si=OJg_TBoBMnnLyvEG'),(14,'VICTORY OVER WICKED CURSES | PROPHETESS MATTIE NOTTAGE','video','2025-02-27 16:55:39','2025-02-27 16:55:39','https://www.youtube.com/live/PrZyAoHe1Sc?si=Yg9X1yNeECO3S29c'),(15,'POWER OVER WITCHCRAFT SPIRIT | PROPHETESS MATTIE NOTTAGE','video','2025-02-27 16:55:39','2025-02-27 16:55:39','https://www.youtube.com/live/BTc54qOZHUQ?si=dksqdbke4vS5hBG2'),(16,'PROPHETIC PRAYER FOR SHIFT & ELEVATION | PROPHETESS MATTIE NOTTAGE','video','2025-02-27 16:55:39','2025-02-27 16:55:39','https://www.youtube.com/live/_TxdnMcEbq4?si=5-MTcIzF8o4jauws'),(17,'I CANCEL THE EVIL REPORT, SPELLS AND WISHES OF YOUR ENEMY | PROPHETESS MATTIE NOTTAGE','video','2025-02-27 16:55:39','2025-02-27 16:55:39','https://www.youtube.com/live/n0cY2qA3BLA?si=uOfuipe0rnQVw6gi'),(18,'DESTROYING THE YOKE OF WITCHCRAFT IN YOUR LIFE | PROPHETESS MATTIE NOTTAGE','video','2025-02-27 16:55:39','2025-02-27 16:55:39','https://www.youtube.com/live/c9HgAQAnA6c?si=zb1FqhIosNGW7Mcc'),(19,'BREAKING EVIL COVENANTS, CURSES & WITCHCRAFT SPELLS | PROPHETESS MATTIE NOTTAGE','video','2025-02-27 16:55:39','2025-02-27 16:55:39','https://www.youtube.com/live/UX19fE37yy4?si=ZLNFxOR3Ssdeaikz'),(20,'THEY MEANT IT FOR EVIL BUT GOD TURNED IT AROUND FOR YOUR GOOD | PROPHETESS MATTIE NOTTAGE','video','2025-02-27 16:55:39','2025-02-27 16:55:39','https://www.youtube.com/live/rFjTgPf9U5I?si=eF8wdTJtaYPVwOc8'),(21,'GOD IS RADICALLY SHIFTING YOU TO YOUR NEXT LEVEL | PROPHETESS MATTIE NOTTAGE','video','2025-02-27 16:55:39','2025-02-27 16:55:39','https://www.youtube.com/live/ej5QbfgLktI?si=P-yOkzloSIX3wsqQ'),(22,'CONFRONTING & DESTROYING THE DEMON OF FEAR | PROPHETESS MATTIE NOTTAGE','video','2025-02-27 16:55:39','2025-02-27 16:55:39','https://www.youtube.com/live/YFkyAW-wa0M?si=H6LKVqiTHuT_-4mR'),(23,'ACTIVATING THE BLESSINGS OF GOD | APOSTLE EDISON & PROPHETESS MATTIE NOTTAGE','video','2025-02-27 16:56:29','2025-02-27 16:56:29','https://www.youtube.com/live/y_lnvHNm6_0?si=zN51bS1-N-TyKjxV'),(24,'IMPORTANCE OF WATER BAPTISM - PT.1 | Apostle Edison NOTTAGE','video','2025-02-27 16:56:29','2025-02-27 16:56:29','https://youtu.be/w5n0vHKo1z8?si=zVm-CxFM2fEA0NKE'),(25,'THE ALTAR THAT BREAKS EVERY CURSE | APOSTLE EDISON & PROPHETESS MATTIE NOTTAGE','video','2025-02-27 16:56:36','2025-02-27 16:56:36','https://www.youtube.com/live/Rk9kTvGfXZc?si=LSliWl4xDCDlic9W'),(26,'DELIVERANCE FROM CURSES! EMBRACING THE BLESSINGS | APOSTLE EDISON & PROPHETESS MATTIE NOTTAGE','video','2025-02-27 16:56:36','2025-02-27 16:56:36','https://www.youtube.com/live/k8UOrHjXC24?si=yL9CRCTFGnSpG_rb'),(27,'GOD IS TURNING IT IN YOUR FAVOR | APOSTLE EDISON & PROPHETESS MATTIE NOTTAGE','video','2025-02-27 16:56:36','2025-02-27 16:56:36','https://www.youtube.com/live/J-5kQy94GXA?si=TJYFW0Dd8QHRJbYr'),(28,'BACK TO GOD\'S ALTAR | APOSTLE EDISON & PROPHETESS MATTIE NOTTAGE','video','2025-02-27 16:56:36','2025-02-27 16:56:36','https://www.youtube.com/live/qLt4CP8k5mA?si=bUklRbJQqkm9S0Kd'),(29,'COVENANT BLESSINGS THAT SHATTER CURSES | APOSTLE EDISON & PROPHETESS MATTIE NOTTAGE','video','2025-02-27 16:56:36','2025-02-27 16:56:36','https://www.youtube.com/live/LugZI12CzYo?si=PH35DktfyJHhS4sL'),(30,'PROPHETIC PRAYER, HEALING & DELIVERANCE CLINIC | APOSTLE EDISON & PROPHETESS MATTIE NOTTAGE','video','2025-02-27 16:56:36','2025-02-27 16:56:36','https://www.youtube.com/live/zVb0TXHcL68?si=F2yfyGwPHwADLIFX'),(31,'POWER TO PRAY AGAIN | APOSTLE EDISON & PROPHETESS MATTIE NOTTAGE','video','2025-02-27 16:56:36','2025-02-27 16:56:36','https://www.youtube.com/live/heCX_SO2YVY?si=gOLAvbqg6YeHav6C'),(32,'URGENT PRAYERS! | APOSTLE EDISON & PROPHETESS MATTIE NOTTAGE','video','2025-02-27 16:56:36','2025-02-27 16:56:36','https://www.youtube.com/live/yv_d-eoPJ6Q?si=-U8eziaDFZsXaQvN'),(33,'YOUR SEASON OF DIVINE RELEASE | APOSTLE EDISON & PROPHETESS MATTIE NOTTAGE','video','2025-02-27 16:56:36','2025-02-27 16:56:36','https://www.youtube.com/live/G7c8RDCqDpQ?si=UDQTFxQHGqacOvKm'),(34,'YOU SHALL RECOVER ALL | PROPHETESS MATTIE NOTTAGE','video','2025-02-27 16:56:36','2025-02-27 16:56:36','https://www.youtube.com/live/z2rr25BSovE?si=Item6dt-3BQWvmMk'),(35,'FIERY PRAYER DESTROYS CURSES | APOSTLE EDISON & PROPHETESS MATTIE NOTTAGE','video','2025-02-27 16:56:36','2025-02-27 16:56:36','https://www.youtube.com/live/_rjbTp8GjuQ?si=sJZNVeCQDrJFkTA4'),(36,'BACK TO GOD\'S ALTAR! | APOSTLE EDISON & PROPHETESS MATTIE NOTTAGE','video','2025-02-27 16:56:36','2025-02-27 16:56:36','https://www.youtube.com/live/0e4-tZdXWWU?si=YCZc2nSZ974tMGSa'),(37,'RISE UP & FIGHT IN THE SPIRIT | APOSTLE EDISON & PROPHETESS MATTIE NOTTAGE','video','2025-02-27 16:56:36','2025-02-27 16:56:36','https://www.youtube.com/live/BP-_ZhUiN-w?si=Uanj15E3wVZzPmha'),(38,'PROPHETIC PRAYER, HEALING & DELIVERANCE CLINIC | APOSTLE EDISON & PROPHETESS MATTIE NOTTAGE','video','2025-02-27 16:56:36','2025-02-27 16:56:36','https://www.youtube.com/live/v1p1cbzzzLI?si=bArbCxDTJvOatgF9'),(39,'THE ALTAR THAT BREAKS EVERY CURSE | APOSTLE EDISON & PROPHETESS MATTIE NOTTAGE','video','2025-02-27 16:56:36','2025-02-27 16:56:36','https://www.youtube.com/live/wBlY_jiomDM?si=Hl1l2zGKoLvPcwBO'),(40,'SOMETHING BROKE FROM MY LIFE IN THE WATER!! APOSTLE EDISON & PROPHETESS MATTIE NOTTAGE','video','2025-02-27 16:56:36','2025-02-27 16:56:36','https://youtu.be/7Uqqa0L5eMM?si=FGLz1_MefqNACKpp'),(41,'PRAYER FOR DELIVERANCE FROM CURSES & SPELLS | PROPHETESS MATTIE NOTTAGE','video','2025-02-27 16:56:36','2025-02-27 16:56:36','https://youtu.be/rHZxHP1OSo0?si=ihMQ95eXR2kxdnvQ');

--
-- Table structure for table `states`
--

CREATE TABLE `states` (
  `id` bigint(20) unsigned NOT NULL AUTO_INCREMENT,
  `name` varchar(255) DEFAULT NULL,
  `code` varchar(255) DEFAULT NULL,
  `created_at` timestamp NULL DEFAULT NULL,
  `updated_at` timestamp NULL DEFAULT NULL,
  PRIMARY KEY (`id`)
) ENGINE=InnoDB AUTO_INCREMENT=53 DEFAULT CHARSET=utf8mb4 COLLATE=utf8mb4_unicode_ci;

--
-- Dumping data for table `states`
--

INSERT INTO `states` VALUES (1,'Alabama','AL',NULL,NULL),(2,'Alaska','AK',NULL,NULL),(3,'Arizona','AZ',NULL,NULL),(4,'Arkansas','AR',NULL,NULL),(5,'California','CA',NULL,NULL),(6,'Colorado','CO',NULL,NULL),(7,'Connecticut','CT',NULL,NULL),(8,'Delaware','DE',NULL,NULL),(9,'Florida','FL',NULL,NULL),(10,'Georgia','GA',NULL,NULL),(11,'Hawaii','HI',NULL,NULL),(12,'Idaho','ID',NULL,NULL),(13,'Illinois','IL',NULL,NULL),(14,'Indiana','IN',NULL,NULL),(15,'Iowa','IA',NULL,NULL),(16,'Kansas','KS',NULL,NULL),(17,'Kentucky','KY',NULL,NULL),(18,'Louisiana','LA',NULL,NULL),(19,'Maine','ME',NULL,NULL),(20,'Maryland','MD',NULL,NULL),(21,'Massachusetts','MA',NULL,NULL),(22,'Michigan','MI',NULL,NULL),(23,'Minnesota','MN',NULL,NULL),(24,'Mississippi','MS',NULL,NULL),(25,'Missouri','MO',NULL,NULL),(26,'Montana','MT',NULL,NULL),(27,'Nebraska','NE',NULL,NULL),(28,'Nevada','NV',NULL,NULL),(29,'New Hampshire','NH',NULL,NULL),(30,'New Jersey','NJ',NULL,NULL),(31,'New Mexico','NM',NULL,NULL),(32,'New York','NY',NULL,NULL),(33,'North Carolina','NC',NULL,NULL),(34,'North Dakota','ND',NULL,NULL),(35,'Ohio','OH',NULL,NULL),(36,'Oklahoma','OK',NULL,NULL),(37,'Oregon','OR',NULL,NULL),(38,'Pennsylvania','PA',NULL,NULL),(39,'Rhode Island','RI',NULL,NULL),(40,'South Carolina','SC',NULL,NULL),(41,'South Dakota','SD',NULL,NULL),(42,'Tennessee','TN',NULL,NULL),(43,'Texas','TX',NULL,NULL),(44,'Utah','UT',NULL,NULL),(45,'Vermont','VT',NULL,NULL),(46,'Virginia','VA',NULL,NULL),(47,'Washington','WA',NULL,NULL),(48,'West Virginia','WV',NULL,NULL),(49,'Wisconsin','WI',NULL,NULL),(50,'Wyoming','WY',NULL,NULL),(51,'Canada','CA',NULL,NULL),(52,'Mexico','MX',NULL,NULL);

--
-- Table structure for table `what_we_believe_faqs`
--

CREATE TABLE `what_we_believe_faqs` (
  `id` bigint(20) unsigned NOT NULL AUTO_INCREMENT,
  `heading` varchar(255) NOT NULL,
  `description` longtext NOT NULL,
  `created_at` timestamp NULL DEFAULT NULL,
  `updated_at` timestamp NULL DEFAULT NULL,
  PRIMARY KEY (`id`)
) ENGINE=InnoDB AUTO_INCREMENT=9 DEFAULT CHARSET=utf8mb4 COLLATE=utf8mb4_unicode_ci;

--
-- Dumping data for table `what_we_believe_faqs`
--

INSERT INTO `what_we_believe_faqs` VALUES (1,'Why Do We Read From The Bible During Our Worship Services?','SCRIPTURE: 2\n\nTimothy 3:16-17\n\nAll scripture is given by inspiration of God and is profitable for doctrine, for reproof, for correction, for instruction in [the ways of) righteousness.','2025-01-27 17:31:39','2025-01-27 17:31:39'),(2,'Why Do We Clap Our Hands During Our Worship Services?','SCRIPTURE: Psalm 47:1\n\n0 clap your hands, all ye people: shout unto God with the voice of triumph.','2025-01-27 17:31:39','2025-01-27 17:31:39'),(3,'Why Do We Dance During Our Worship Services?','SCRIPTURE: 2 Samuel 6:14\n\nAnd David danced before the Lord with all his might, and David was girded with a linen ephod.','2025-01-27 17:31:39','2025-01-27 17:31:39'),(4,'Why Do We Play Musical Instruments During Our Praise And Worship?','SCRIPTURE: Psalm 150:4\n\nPraise him with the timbre! and dance: praise him with stringed instruments and organs.','2025-01-27 17:31:39','2025-01-27 17:31:39'),(5,'Why Do We Participate In Communion?','SCRIPTURE: 1 Corinthians 11:24-26\n\n24 And when he had given thanks, he brakes it, and said, Take, eat: this is my body, which is broken for you: this do in remembrance of me.\n\n25 After the same manner also he took the cup, when he had supped, saying, this cup is the new testament in my blood: this do ye, as oft as ye drink it, in remembrance of me.\n\n26 For as often as ye eat this bread, and drink this cup, ye do shew the Lord’s death till he comes.','2025-01-27 17:31:39','2025-01-27 17:31:39'),(6,'Why Do We Sing And Shout Clamorous Praises To Our God?','SCRIPTURE: Psalm 100:1-2\n\n1 Make a joyful noise unto the Lord, all ye lands.\n\n2 Serve the Lord with gladness; come before His presence with singing.\n\nSCRIPTURE: Psalm 48:1\n\nGreat is the Lord, and greatly to be praised in the city of our God, in the mountain of his holiness.','2025-01-27 17:31:39','2025-01-27 17:31:39'),(7,'Why Do We Pray In Tongues?','SCRIPTURE: 1 Corinthians 14:2\n\nFor he that speaketh in an unknown tongue speaketh not unto men, but unto God: for no man understandeth him; howbeit in the spirit he speaketh mysteries.','2025-01-27 17:31:39','2025-01-27 17:31:39'),(8,'Why Do We Give Tithe And Offerings?','SCRIPTURE: Malachi 3:10\n\nBring ye all the tithes into the storehouse, that there may be meat in mine house, and prove me now herewith, saith the Lord of hosts, if I will not open you the windows of heaven, and pour you out a blessing, that there shall not be room enough to receive it.\n\n','2025-01-27 17:31:39','2025-01-27 17:31:39');

--
-- Table structure for table `youth_a_fire`
--

CREATE TABLE `youth_a_fire` (
  `id` bigint(20) unsigned NOT NULL AUTO_INCREMENT,
  `title` varchar(255) NOT NULL,
  `description` longtext NOT NULL,
  `created_at` timestamp NULL DEFAULT NULL,
  `updated_at` timestamp NULL DEFAULT NULL,
  PRIMARY KEY (`id`)
) ENGINE=InnoDB DEFAULT CHARSET=utf8mb4 COLLATE=utf8mb4_unicode_ci;

--
-- Dumping data for table `youth_a_fire`
--



